CRAN Package Check Results for Package fullROC

Last updated on 2025-04-29 13:51:24 CEST.

Flavor Version Tinstall Tcheck Ttotal Status Flags
r-devel-linux-x86_64-debian-clang 0.1.0 1.96 21.24 23.20 OK
r-devel-linux-x86_64-debian-gcc 0.1.0 1.51 16.61 18.12 OK
r-devel-linux-x86_64-fedora-clang 0.1.0 36.62 OK
r-devel-linux-x86_64-fedora-gcc 0.1.0 34.77 OK
r-devel-windows-x86_64 0.1.0 3.00 44.00 47.00 OK
r-patched-linux-x86_64 0.1.0 2.08 20.42 22.50 OK
r-release-linux-x86_64 0.1.0 1.79 20.62 22.41 OK
r-release-macos-arm64 0.1.0 17.00 OK
r-release-macos-x86_64 0.1.0 29.00 OK
r-release-windows-x86_64 0.1.0 3.00 45.00 48.00 OK
r-oldrel-macos-arm64 0.1.0 15.00 NOTE
r-oldrel-macos-x86_64 0.1.0 28.00 NOTE
r-oldrel-windows-x86_64 0.1.0 2.00 42.00 44.00 NOTE

Check Details

Version: 0.1.0
Check: LazyData
Result: NOTE 'LazyData' is specified without a 'data' directory Flavors: r-oldrel-macos-arm64, r-oldrel-macos-x86_64, r-oldrel-windows-x86_64