Last updated on 2024-06-27 16:49:05 CEST.
Flavor | Version | Tinstall | Tcheck | Ttotal | Status | Flags |
---|---|---|---|---|---|---|
r-devel-linux-x86_64-debian-clang | 2.3 | NOTE | ||||
r-devel-linux-x86_64-debian-gcc | 2.3 | 10.83 | 81.06 | 91.89 | NOTE | |
r-devel-linux-x86_64-fedora-clang | 2.3 | 154.42 | NOTE | |||
r-devel-linux-x86_64-fedora-gcc | 2.3 | 145.02 | NOTE | |||
r-devel-windows-x86_64 | 2.3 | 13.00 | 98.00 | 111.00 | NOTE | |
r-patched-linux-x86_64 | 2.3 | 17.76 | 103.09 | 120.85 | NOTE | |
r-release-linux-x86_64 | 2.3 | 14.85 | 107.30 | 122.15 | NOTE | |
r-release-macos-arm64 | 2.3 | 46.00 | NOTE | |||
r-release-macos-x86_64 | 2.3 | 71.00 | NOTE | |||
r-release-windows-x86_64 | 2.3 | 13.00 | 98.00 | 111.00 | NOTE | |
r-oldrel-macos-arm64 | 2.3 | 51.00 | OK | |||
r-oldrel-macos-x86_64 | 2.3 | 67.00 | OK | |||
r-oldrel-windows-x86_64 | 2.3 | 16.00 | 116.00 | 132.00 | OK |
Version: 2.3
Check: Rd files
Result: NOTE
checkRd: (-1) plot.fd.Rd:69-71: Lost braces in \itemize; meant \describe ?
checkRd: (-1) plot.fd.Rd:72-77: Lost braces in \itemize; meant \describe ?
Flavors: r-devel-linux-x86_64-debian-clang, r-devel-linux-x86_64-debian-gcc, r-devel-linux-x86_64-fedora-clang, r-devel-linux-x86_64-fedora-gcc, r-devel-windows-x86_64, r-patched-linux-x86_64, r-release-linux-x86_64, r-release-macos-arm64, r-release-macos-x86_64, r-release-windows-x86_64