Last updated on 2025-05-01 14:49:10 CEST.
Flavor | Version | Tinstall | Tcheck | Ttotal | Status | Flags |
---|---|---|---|---|---|---|
r-devel-linux-x86_64-debian-clang | 1.7.0 | 44.97 | 271.59 | 316.56 | NOTE | |
r-devel-linux-x86_64-debian-gcc | 1.7.0 | 30.85 | 177.35 | 208.20 | OK | |
r-devel-linux-x86_64-fedora-clang | 1.7.0 | 494.77 | OK | |||
r-devel-linux-x86_64-fedora-gcc | 1.7.0 | 505.74 | OK | |||
r-devel-windows-x86_64 | 1.7.0 | 53.00 | 314.00 | 367.00 | OK | |
r-patched-linux-x86_64 | 1.7.0 | 48.90 | 252.71 | 301.61 | OK | |
r-release-linux-x86_64 | OK | |||||
r-release-macos-arm64 | 1.7.0 | 131.00 | OK | |||
r-release-macos-x86_64 | 1.7.0 | 330.00 | OK | |||
r-release-windows-x86_64 | 1.7.0 | 55.00 | 282.00 | 337.00 | OK | |
r-oldrel-macos-arm64 | 1.7.0 | 143.00 | OK | |||
r-oldrel-macos-x86_64 | 1.7.0 | 292.00 | OK | |||
r-oldrel-windows-x86_64 | 1.7.0 | 63.00 | 363.00 | 426.00 | OK |
Version: 1.7.0
Check: examples
Result: NOTE
Examples with CPU (user + system) or elapsed time > 5s
user system elapsed
AMFCC_PhaseI 8.026 0.185 10.863
AMFCC_PhaseII 7.739 0.095 10.783
plot.AMFCC_PhaseI 7.685 0.057 10.873
Flavor: r-devel-linux-x86_64-debian-clang
Version: 1.7.0
Check: examples
Result: NA
user system elapsed
AMFCC_PhaseI 4.606 0.048 6.247
AMFCC_PhaseII 4.287 0.130 5.719
plot.AMFCC_PhaseI 4.121 0.044 5.307
OK
Flavor: r-devel-linux-x86_64-debian-gcc