Last updated on 2025-11-16 18:49:31 CET.
| Flavor | Version | Tinstall | Tcheck | Ttotal | Status | Flags |
|---|---|---|---|---|---|---|
| r-devel-linux-x86_64-debian-clang | 1.0-4 | 3.25 | 39.64 | 42.89 | NOTE | --no-vignettes |
| r-devel-linux-x86_64-debian-gcc | 1.0-4 | 2.64 | 29.05 | 31.69 | NOTE | --no-vignettes |
| r-devel-linux-x86_64-fedora-clang | 1.0-4 | 875.50 | OK | |||
| r-devel-linux-x86_64-fedora-gcc | 1.0-4 | 828.20 | OK | |||
| r-devel-windows-x86_64 | 1.0-4 | 8.00 | 55.00 | 63.00 | OK | --no-vignettes |
| r-patched-linux-x86_64 | 1.0-4 | 3.82 | 37.13 | 40.95 | OK | --no-vignettes |
| r-release-linux-x86_64 | 1.0-4 | 3.46 | 36.79 | 40.25 | OK | --no-vignettes |
| r-release-macos-arm64 | 1.0-4 | 2.00 | 194.00 | 196.00 | OK | |
| r-release-macos-x86_64 | 1.0-4 | 3.00 | 401.00 | 404.00 | OK | |
| r-release-windows-x86_64 | 1.0-4 | 6.00 | 88.00 | 94.00 | OK | --no-vignettes |
| r-oldrel-macos-arm64 | 1.0-4 | 2.00 | 196.00 | 198.00 | OK | |
| r-oldrel-macos-x86_64 | 1.0-4 | 3.00 | 296.00 | 299.00 | OK | |
| r-oldrel-windows-x86_64 | 1.0-4 | 8.00 | 67.00 | 75.00 | OK | --no-vignettes |
Version: 1.0-4
Flags: --no-vignettes
Check: CRAN incoming feasibility
Result: NOTE
Maintainer: ‘Achim Zeileis <Achim.Zeileis@R-project.org>’
Package CITATION file contains call(s) to old-style personList() or
as.personList(). Please use c() on person objects instead.
Package CITATION file contains call(s) to old-style citEntry(). Please
use bibentry() instead.
Found the following URLs which should use \doi (with the DOI name only):
File ‘confint.fxregimes.Rd’:
http://dx.doi.org/10.1016/j.csda.2009.12.005
File ‘fxlm.Rd’:
http://dx.doi.org/10.1016/j.csda.2009.12.005
File ‘fxmonitor.Rd’:
http://dx.doi.org/10.1016/j.csda.2009.12.005
File ‘fxregimes.Rd’:
http://dx.doi.org/10.1016/j.csda.2009.12.005
File ‘fxreturns.Rd’:
http://dx.doi.org/10.1016/j.csda.2009.12.005
File ‘fxtools.Rd’:
http://dx.doi.org/10.1016/j.csda.2009.12.005
Flavors: r-devel-linux-x86_64-debian-clang, r-devel-linux-x86_64-debian-gcc