Last updated on 2025-04-29 13:51:24 CEST.
Flavor | Version | Tinstall | Tcheck | Ttotal | Status | Flags |
---|---|---|---|---|---|---|
r-devel-linux-x86_64-debian-clang | 0.2 | 6.26 | 21.63 | 27.89 | NOTE | |
r-devel-linux-x86_64-debian-gcc | 0.2 | 4.81 | 16.86 | 21.67 | NOTE | |
r-devel-linux-x86_64-fedora-clang | 0.2 | 47.45 | OK | |||
r-devel-linux-x86_64-fedora-gcc | 0.2 | 44.62 | OK | |||
r-devel-windows-x86_64 | 0.2 | 9.00 | 55.00 | 64.00 | OK | |
r-patched-linux-x86_64 | 0.2 | 6.31 | 21.27 | 27.58 | OK | |
r-release-linux-x86_64 | 0.2 | 6.27 | 20.34 | 26.61 | OK | |
r-release-macos-arm64 | 0.2 | 20.00 | OK | |||
r-release-macos-x86_64 | 0.2 | 31.00 | OK | |||
r-release-windows-x86_64 | 0.2 | 9.00 | 59.00 | 68.00 | OK | |
r-oldrel-macos-arm64 | 0.2 | 18.00 | OK | |||
r-oldrel-macos-x86_64 | 0.2 | 27.00 | OK | |||
r-oldrel-windows-x86_64 | 0.2 | 9.00 | 57.00 | 66.00 | OK |
Version: 0.2
Check: CRAN incoming feasibility
Result: NOTE
Maintainer: ‘Hao Chen <hxchen@ucdavis.edu>’
No Authors@R field in DESCRIPTION.
Please add one, modifying
Authors@R: c(person(given = "Hao",
family = "Chen",
role = c("aut", "cre"),
email = "hxchen@ucdavis.edu"),
person(given = c("Nancy", "R."),
family = "Zhang",
role = "aut"))
as necessary.
Flavors: r-devel-linux-x86_64-debian-clang, r-devel-linux-x86_64-debian-gcc