Last updated on 2025-11-16 18:49:32 CET.
| Flavor | Version | Tinstall | Tcheck | Ttotal | Status | Flags |
|---|---|---|---|---|---|---|
| r-devel-linux-x86_64-debian-clang | 0.2.0 | 8.25 | 80.78 | 89.03 | OK | |
| r-devel-linux-x86_64-debian-gcc | 0.2.0 | 6.18 | 60.01 | 66.19 | OK | |
| r-devel-linux-x86_64-fedora-clang | 0.2.0 | 22.00 | 114.96 | 136.96 | NOTE | |
| r-devel-linux-x86_64-fedora-gcc | 0.2.0 | 18.00 | 126.25 | 144.25 | NOTE | |
| r-devel-windows-x86_64 | 0.2.0 | 11.00 | 87.00 | 98.00 | OK | |
| r-patched-linux-x86_64 | 0.2.0 | 8.74 | 76.79 | 85.53 | OK | |
| r-release-linux-x86_64 | 0.2.0 | 8.34 | 76.27 | 84.61 | OK | |
| r-release-macos-arm64 | 0.2.0 | 6.00 | 75.00 | 81.00 | OK | |
| r-release-macos-x86_64 | 0.2.0 | 8.00 | 76.00 | 84.00 | OK | |
| r-release-windows-x86_64 | 0.2.0 | 12.00 | 84.00 | 96.00 | OK | |
| r-oldrel-macos-arm64 | 0.2.0 | 4.00 | 42.00 | 46.00 | OK | |
| r-oldrel-macos-x86_64 | 0.2.0 | 6.00 | 63.00 | 69.00 | OK | |
| r-oldrel-windows-x86_64 | 0.2.0 | 14.00 | 108.00 | 122.00 | OK |
Version: 0.2.0
Check: dependencies in R code
Result: NOTE
Namespaces in Imports field not imported from:
‘MASS’ ‘MCMCpack’ ‘ggplot2’ ‘moments’
All declared Imports should be used.
Flavors: r-devel-linux-x86_64-fedora-clang, r-devel-linux-x86_64-fedora-gcc