CRAN Package Check Results for Package gLRTH

Last updated on 2025-04-30 01:50:21 CEST.

Flavor Version Tinstall Tcheck Ttotal Status Flags
r-devel-linux-x86_64-debian-clang 0.2.0 1.50 18.52 20.02 OK
r-devel-linux-x86_64-debian-gcc 0.2.0 1.35 15.14 16.49 OK
r-devel-linux-x86_64-fedora-clang 0.2.0 32.88 OK
r-devel-linux-x86_64-fedora-gcc 0.2.0 31.47 OK
r-devel-windows-x86_64 0.2.0 3.00 48.00 51.00 OK
r-patched-linux-x86_64 0.2.0 1.76 18.08 19.84 OK
r-release-linux-x86_64 0.2.0 1.66 17.52 19.18 OK
r-release-macos-arm64 0.2.0 15.00 OK
r-release-macos-x86_64 0.2.0 26.00 OK
r-release-windows-x86_64 0.2.0 4.00 48.00 52.00 OK
r-oldrel-macos-arm64 0.2.0 14.00 NOTE
r-oldrel-macos-x86_64 0.2.0 20.00 NOTE
r-oldrel-windows-x86_64 0.2.0 2.00 44.00 46.00 NOTE

Check Details

Version: 0.2.0
Check: LazyData
Result: NOTE 'LazyData' is specified without a 'data' directory Flavors: r-oldrel-macos-arm64, r-oldrel-macos-x86_64, r-oldrel-windows-x86_64