Last updated on 2025-04-29 13:51:25 CEST.
Flavor | Version | Tinstall | Tcheck | Ttotal | Status | Flags |
---|---|---|---|---|---|---|
r-devel-linux-x86_64-debian-clang | 0.2.0 | 12.50 | 36.30 | 48.80 | NOTE | |
r-devel-linux-x86_64-debian-gcc | 0.2.0 | 8.49 | 24.20 | 32.69 | NOTE | |
r-devel-linux-x86_64-fedora-clang | 0.2.0 | 91.07 | OK | |||
r-devel-linux-x86_64-fedora-gcc | 0.2.0 | 77.76 | OK | |||
r-devel-windows-x86_64 | 0.2.0 | 13.00 | 46.00 | 59.00 | OK | |
r-patched-linux-x86_64 | 0.2.0 | 14.20 | 33.93 | 48.13 | OK | |
r-release-linux-x86_64 | 0.2.0 | 14.64 | 33.55 | 48.19 | OK | |
r-release-macos-arm64 | 0.2.0 | 25.00 | OK | |||
r-release-macos-x86_64 | 0.2.0 | 42.00 | OK | |||
r-release-windows-x86_64 | 0.2.0 | 13.00 | 49.00 | 62.00 | OK | |
r-oldrel-macos-arm64 | 0.2.0 | 22.00 | OK | |||
r-oldrel-macos-x86_64 | 0.2.0 | 34.00 | OK | |||
r-oldrel-windows-x86_64 | 0.2.0 | 14.00 | 45.00 | 59.00 | OK |
Version: 0.2.0
Check: CRAN incoming feasibility
Result: NOTE
Maintainer: ‘Hao Chen <hxchen@ucdavis.edu>’
No Authors@R field in DESCRIPTION.
Please add one, modifying
Authors@R: c(person(given = "Hao",
family = "Chen",
role = c("aut", "cre"),
email = "hxchen@ucdavis.edu"),
person(given = "Lynna",
family = "Chu",
role = "aut"))
as necessary.
The Description field contains
high-dimensional and non-Euclidean data <arXiv:1810.05973>.
Please refer to arXiv e-prints via their arXiv DOI <doi:10.48550/arXiv.YYMM.NNNNN>.
Flavors: r-devel-linux-x86_64-debian-clang, r-devel-linux-x86_64-debian-gcc