Last updated on 2025-04-29 13:51:24 CEST.
Flavor | Version | Tinstall | Tcheck | Ttotal | Status | Flags |
---|---|---|---|---|---|---|
r-devel-linux-x86_64-debian-clang | 1.2 | 2.45 | 20.53 | 22.98 | NOTE | |
r-devel-linux-x86_64-debian-gcc | 1.2 | 1.89 | 16.25 | 18.14 | NOTE | |
r-devel-linux-x86_64-fedora-clang | 1.2 | 37.10 | OK | |||
r-devel-linux-x86_64-fedora-gcc | 1.2 | 34.67 | OK | |||
r-devel-windows-x86_64 | 1.2 | 3.00 | 39.00 | 42.00 | OK | |
r-patched-linux-x86_64 | 1.2 | 2.60 | 19.47 | 22.07 | OK | |
r-release-linux-x86_64 | 1.2 | 2.41 | 19.30 | 21.71 | OK | |
r-release-macos-arm64 | 1.2 | 17.00 | OK | |||
r-release-macos-x86_64 | 1.2 | 35.00 | OK | |||
r-release-windows-x86_64 | 1.2 | 3.00 | 43.00 | 46.00 | OK | |
r-oldrel-macos-arm64 | 1.2 | 14.00 | OK | |||
r-oldrel-macos-x86_64 | 1.2 | 25.00 | OK | |||
r-oldrel-windows-x86_64 | 1.2 | 3.00 | 38.00 | 41.00 | OK |
Version: 1.2
Check: CRAN incoming feasibility
Result: NOTE
Maintainer: ‘Craig A. Rolling <craig.rolling@slu.edu>’
No Authors@R field in DESCRIPTION.
Please add one, modifying
Authors@R: person(given = c("Craig", "A."),
family = "Rolling",
role = c("aut", "cre"),
email = "craig.rolling@slu.edu")
as necessary.
Flavors: r-devel-linux-x86_64-debian-clang, r-devel-linux-x86_64-debian-gcc