Last updated on 2025-11-16 06:49:37 CET.
| Flavor | Version | Tinstall | Tcheck | Ttotal | Status | Flags |
|---|---|---|---|---|---|---|
| r-devel-linux-x86_64-debian-clang | 0.5.3 | 0.31 | 2.95 | 3.26 | ERROR | |
| r-devel-linux-x86_64-debian-gcc | 0.5.3 | 0.24 | 2.30 | 2.54 | ERROR | |
| r-devel-linux-x86_64-fedora-clang | 0.5.3 | 2.46 | ERROR | |||
| r-devel-linux-x86_64-fedora-gcc | 0.5.3 | 2.39 | ERROR | |||
| r-devel-windows-x86_64 | 0.5.3 | 5.00 | 5.00 | 10.00 | ERROR | |
| r-patched-linux-x86_64 | 0.5.3 | 0.34 | 1.81 | 2.15 | ERROR | |
| r-release-linux-x86_64 | 0.5.3 | 0.20 | 1.74 | 1.94 | ERROR | |
| r-release-macos-arm64 | 0.5.3 | 3.00 | 26.00 | 29.00 | OK | |
| r-release-macos-x86_64 | 0.5.3 | 9.00 | 65.00 | 74.00 | OK | |
| r-release-windows-x86_64 | 0.5.3 | 3.00 | 5.00 | 8.00 | ERROR | |
| r-oldrel-macos-arm64 | 0.5.3 | 2.00 | 25.00 | 27.00 | OK | |
| r-oldrel-macos-x86_64 | 0.5.3 | 5.00 | 36.00 | 41.00 | OK | |
| r-oldrel-windows-x86_64 | 0.5.3 | 3.00 | 9.00 | 12.00 | ERROR |
Version: 0.5.3
Check: package dependencies
Result: ERROR
Package required but not available: ‘tidyjson’
See section ‘The DESCRIPTION file’ in the ‘Writing R Extensions’
manual.
Flavors: r-devel-linux-x86_64-debian-clang, r-devel-linux-x86_64-debian-gcc, r-devel-linux-x86_64-fedora-clang, r-devel-linux-x86_64-fedora-gcc, r-patched-linux-x86_64, r-release-linux-x86_64
Version: 0.5.3
Check: whether package can be installed
Result: ERROR
Installation failed.
Flavors: r-devel-windows-x86_64, r-release-windows-x86_64, r-oldrel-windows-x86_64