CRAN Package Check Results for Package gargoyle

Last updated on 2025-04-30 01:50:20 CEST.

Flavor Version Tinstall Tcheck Ttotal Status Flags
r-devel-linux-x86_64-debian-clang 0.0.1 3.63 36.73 40.36 OK
r-devel-linux-x86_64-debian-gcc 0.0.1 2.46 29.34 31.80 OK
r-devel-linux-x86_64-fedora-clang 0.0.1 65.51 OK
r-devel-linux-x86_64-fedora-gcc 0.0.1 73.60 OK
r-devel-windows-x86_64 0.0.1 5.00 63.00 68.00 OK
r-patched-linux-x86_64 0.0.1 3.31 34.69 38.00 OK
r-release-linux-x86_64 0.0.1 3.00 34.49 37.49 OK
r-release-macos-arm64 0.0.1 45.00 OK
r-release-macos-x86_64 0.0.1 78.00 OK
r-release-windows-x86_64 0.0.1 6.00 64.00 70.00 OK
r-oldrel-macos-arm64 0.0.1 29.00 NOTE
r-oldrel-macos-x86_64 0.0.1 44.00 NOTE
r-oldrel-windows-x86_64 0.0.1 6.00 65.00 71.00 NOTE

Check Details

Version: 0.0.1
Check: LazyData
Result: NOTE 'LazyData' is specified without a 'data' directory Flavors: r-oldrel-macos-arm64, r-oldrel-macos-x86_64, r-oldrel-windows-x86_64