Last updated on 2024-07-13 11:49:13 CEST.
Flavor | Version | Tinstall | Tcheck | Ttotal | Status | Flags |
---|---|---|---|---|---|---|
r-devel-linux-x86_64-debian-clang | 0.4.1 | 11.48 | 114.57 | 126.05 | OK | |
r-devel-linux-x86_64-debian-gcc | 0.4.1 | 7.96 | 83.73 | 91.69 | OK | |
r-devel-linux-x86_64-fedora-clang | 0.4.1 | 160.99 | NOTE | |||
r-devel-linux-x86_64-fedora-gcc | 0.4.1 | 155.69 | OK | |||
r-devel-windows-x86_64 | 0.4.1 | 9.00 | 101.00 | 110.00 | OK | |
r-patched-linux-x86_64 | 0.4.1 | 9.93 | 107.34 | 117.27 | OK | |
r-release-linux-x86_64 | 0.4.1 | 10.40 | 106.11 | 116.51 | OK | |
r-release-macos-arm64 | 0.4.1 | 50.00 | OK | |||
r-release-macos-x86_64 | 0.4.1 | 120.00 | OK | |||
r-release-windows-x86_64 | 0.4.1 | 9.00 | 99.00 | 108.00 | OK | |
r-oldrel-macos-arm64 | 0.4.1 | 57.00 | OK | |||
r-oldrel-macos-x86_64 | 0.4.1 | 123.00 | OK | |||
r-oldrel-windows-x86_64 | 0.4.1 | 12.00 | 121.00 | 133.00 | OK |
Version: 0.4.1
Check: Rd cross-references
Result: NOTE
Undeclared package ‘purrr’ in Rd xrefs
Flavor: r-devel-linux-x86_64-fedora-clang