Last updated on 2024-06-27 10:49:31 CEST.
Flavor | Version | Tinstall | Tcheck | Ttotal | Status | Flags |
---|---|---|---|---|---|---|
r-devel-linux-x86_64-debian-clang | 0.4.1 | OK | ||||
r-devel-linux-x86_64-debian-gcc | 0.4.1 | 8.01 | 81.61 | 89.62 | OK | |
r-devel-linux-x86_64-fedora-clang | 0.4.1 | 160.99 | NOTE | |||
r-devel-linux-x86_64-fedora-gcc | 0.4.1 | 87.95 | OK | |||
r-devel-windows-x86_64 | 0.4.1 | 9.00 | 97.00 | 106.00 | OK | |
r-patched-linux-x86_64 | 0.4.1 | 9.18 | 109.17 | 118.35 | OK | |
r-release-linux-x86_64 | 0.4.1 | 9.51 | 107.29 | 116.80 | OK | |
r-release-macos-arm64 | 0.4.1 | 50.00 | OK | |||
r-release-macos-x86_64 | 0.4.1 | 120.00 | OK | |||
r-release-windows-x86_64 | 0.4.1 | 9.00 | 100.00 | 109.00 | OK | |
r-oldrel-macos-arm64 | 0.4.1 | 57.00 | OK | |||
r-oldrel-macos-x86_64 | 0.4.1 | 123.00 | OK | |||
r-oldrel-windows-x86_64 | 0.4.1 | 12.00 | 121.00 | 133.00 | OK |
Version: 0.4.1
Check: Rd cross-references
Result: NOTE
Undeclared package ‘purrr’ in Rd xrefs
Flavor: r-devel-linux-x86_64-fedora-clang