Last updated on 2025-11-16 12:49:31 CET.
| Flavor | Version | Tinstall | Tcheck | Ttotal | Status | Flags |
|---|---|---|---|---|---|---|
| r-devel-linux-x86_64-debian-clang | 0.1.5 | 6.91 | 160.87 | 167.78 | OK | |
| r-devel-linux-x86_64-debian-gcc | 0.1.5 | 6.23 | 104.08 | 110.31 | NOTE | |
| r-devel-linux-x86_64-fedora-clang | 0.1.5 | 40.00 | 250.83 | 290.83 | OK | |
| r-devel-linux-x86_64-fedora-gcc | 0.1.5 | 17.00 | 260.50 | 277.50 | OK | |
| r-devel-windows-x86_64 | 0.1.5 | 13.00 | 151.00 | 164.00 | OK | |
| r-patched-linux-x86_64 | 0.1.5 | 7.71 | 150.68 | 158.39 | OK | |
| r-release-linux-x86_64 | 0.1.5 | 8.08 | 153.80 | 161.88 | OK | |
| r-release-macos-arm64 | 0.1.5 | 4.00 | 80.00 | 84.00 | OK | |
| r-release-macos-x86_64 | 0.1.5 | 7.00 | 149.00 | 156.00 | OK | |
| r-release-windows-x86_64 | 0.1.5 | 9.00 | 151.00 | 160.00 | OK | |
| r-oldrel-macos-arm64 | 0.1.5 | 4.00 | 65.00 | 69.00 | OK | |
| r-oldrel-macos-x86_64 | 0.1.5 | 6.00 | 115.00 | 121.00 | OK | |
| r-oldrel-windows-x86_64 | 0.1.5 | 13.00 | 200.00 | 213.00 | OK |
Version: 0.1.5
Check: CRAN incoming feasibility
Result: NOTE
Maintainer: ‘Pavel Fibich <pavel.fibich@prf.jcu.cz>’
The BugReports field in DESCRIPTION has
https://github.com/pavel-fibich/gawdis/issues/
which should likely be
https://github.com/pavel-fibich/gawdis/issues/issues
instead.
Flavor: r-devel-linux-x86_64-debian-gcc