CRAN Package Check Results for Package gbs2ploidy

Last updated on 2025-11-16 12:49:31 CET.

Flavor Version Tinstall Tcheck Ttotal Status Flags
r-devel-linux-x86_64-debian-clang 1.0 1.99 32.75 34.74 NOTE
r-devel-linux-x86_64-debian-gcc 1.0 1.52 26.35 27.87 NOTE
r-devel-linux-x86_64-fedora-clang 1.0 52.37 NOTE
r-devel-linux-x86_64-fedora-gcc 1.0 45.79 NOTE
r-devel-windows-x86_64 1.0 6.00 51.00 57.00 NOTE
r-patched-linux-x86_64 1.0 2.21 32.59 34.80 NOTE
r-release-linux-x86_64 1.0 2.02 32.76 34.78 NOTE
r-release-macos-arm64 1.0 2.00 24.00 26.00 NOTE
r-release-macos-x86_64 1.0 2.00 37.00 39.00 NOTE
r-release-windows-x86_64 1.0 3.00 51.00 54.00 NOTE
r-oldrel-macos-arm64 1.0 1.00 19.00 20.00 NOTE
r-oldrel-macos-x86_64 1.0 2.00 28.00 30.00 NOTE
r-oldrel-windows-x86_64 1.0 4.00 60.00 64.00 NOTE

Check Details

Version: 1.0
Check: CRAN incoming feasibility
Result: NOTE Maintainer: ‘Zachariah Gompert <zach.gompert@usu.edu>’ No Authors@R field in DESCRIPTION. Please add one, modifying Authors@R: person(given = "Zachariah", family = "Gompert", role = c("aut", "cre"), email = "zach.gompert@usu.edu") as necessary. Flavors: r-devel-linux-x86_64-debian-clang, r-devel-linux-x86_64-debian-gcc

Version: 1.0
Check: Rd files
Result: NOTE checkRd: (-1) estprops.Rd:40: Escaped LaTeX specials: \& Flavors: r-devel-linux-x86_64-debian-clang, r-devel-linux-x86_64-debian-gcc, r-devel-linux-x86_64-fedora-clang, r-devel-linux-x86_64-fedora-gcc, r-devel-windows-x86_64, r-patched-linux-x86_64, r-release-linux-x86_64, r-release-macos-arm64, r-release-macos-x86_64, r-release-windows-x86_64, r-oldrel-macos-arm64, r-oldrel-macos-x86_64, r-oldrel-windows-x86_64