CRAN Package Check Results for Package gcerisk

Last updated on 2025-11-16 12:49:31 CET.

Flavor Version Tinstall Tcheck Ttotal Status Flags
r-devel-linux-x86_64-debian-clang 19.05.24 8.49 82.11 90.60 NOTE
r-devel-linux-x86_64-debian-gcc 19.05.24 7.25 60.55 67.80 NOTE
r-devel-linux-x86_64-fedora-clang 19.05.24 37.00 115.10 152.10 OK
r-devel-linux-x86_64-fedora-gcc 19.05.24 21.00 113.03 134.03 OK
r-devel-windows-x86_64 19.05.24 13.00 84.00 97.00 OK
r-patched-linux-x86_64 19.05.24 8.47 79.28 87.75 OK
r-release-linux-x86_64 19.05.24 9.56 78.90 88.46 OK
r-release-macos-arm64 19.05.24 7.00 38.00 45.00 OK
r-release-macos-x86_64 19.05.24 8.00 62.00 70.00 OK
r-release-windows-x86_64 19.05.24 11.00 84.00 95.00 OK
r-oldrel-macos-arm64 19.05.24 4.00 30.00 34.00 OK
r-oldrel-macos-x86_64 19.05.24 6.00 50.00 56.00 OK
r-oldrel-windows-x86_64 19.05.24 16.00 107.00 123.00 OK

Check Details

Version: 19.05.24
Check: CRAN incoming feasibility
Result: NOTE Maintainer: ‘Hanjie Shen <shenhanjie0418@gmail.com>’ No Authors@R field in DESCRIPTION. Please add one, modifying Authors@R: c(person(given = "Hanjie", family = "Shen", role = c("aut", "cre"), email = "shenhanjie0418@gmail.com"), person(given = "Ruben", family = "Carmona", role = "aut", email = "ruben.carmona13@gmail.com"), person(given = "Loren", family = "Mell", role = "aut", email = "lmell@ucsd.edu")) as necessary. Flavors: r-devel-linux-x86_64-debian-clang, r-devel-linux-x86_64-debian-gcc