Last updated on 2024-07-13 05:49:14 CEST.
Flavor | Version | Tinstall | Tcheck | Ttotal | Status | Flags |
---|---|---|---|---|---|---|
r-devel-linux-x86_64-debian-clang | 0.0.1 | 3.35 | 24.71 | 28.06 | NOTE | |
r-devel-linux-x86_64-debian-gcc | 0.0.1 | 2.96 | 19.01 | 21.97 | NOTE | |
r-devel-linux-x86_64-fedora-clang | 0.0.1 | 37.03 | NOTE | |||
r-devel-linux-x86_64-fedora-gcc | 0.0.1 | 34.33 | NOTE | |||
r-devel-windows-x86_64 | 0.0.1 | 7.00 | 44.00 | 51.00 | NOTE | |
r-patched-linux-x86_64 | 0.0.1 | 3.59 | 22.99 | 26.58 | NOTE | |
r-release-linux-x86_64 | 0.0.1 | 3.21 | 23.60 | 26.81 | NOTE | |
r-release-macos-arm64 | 0.0.1 | 16.00 | NOTE | |||
r-release-macos-x86_64 | 0.0.1 | 23.00 | NOTE | |||
r-release-windows-x86_64 | 0.0.1 | 6.00 | 45.00 | 51.00 | NOTE | |
r-oldrel-macos-arm64 | 0.0.1 | 18.00 | NOTE | |||
r-oldrel-macos-x86_64 | 0.0.1 | 24.00 | NOTE | |||
r-oldrel-windows-x86_64 | 0.0.1 | 6.00 | 47.00 | 53.00 | NOTE |
Version: 0.0.1
Check: Rd files
Result: NOTE
checkRd: (-1) listInverseBlocks.Rd:5: Lost braces; missing escapes or markup?
5 | \title{List all the inverse matrices of the leading sub-matrix of P=Sigma^{-1}
| ^
checkRd: (-1) listInverseBlocks.Rd:17: Lost braces; missing escapes or markup?
17 | List all the inverse matrices of the leading sub-matrix of P=Sigma^{-1}
| ^
Flavors: r-devel-linux-x86_64-debian-clang, r-devel-linux-x86_64-debian-gcc, r-devel-linux-x86_64-fedora-clang, r-devel-linux-x86_64-fedora-gcc, r-devel-windows-x86_64, r-patched-linux-x86_64, r-release-linux-x86_64, r-release-macos-arm64, r-release-macos-x86_64, r-release-windows-x86_64
Version: 0.0.1
Check: LazyData
Result: NOTE
'LazyData' is specified without a 'data' directory
Flavors: r-devel-linux-x86_64-debian-clang, r-devel-linux-x86_64-debian-gcc, r-devel-linux-x86_64-fedora-clang, r-devel-linux-x86_64-fedora-gcc, r-devel-windows-x86_64, r-patched-linux-x86_64, r-release-linux-x86_64, r-release-macos-arm64, r-release-macos-x86_64, r-release-windows-x86_64, r-oldrel-macos-arm64, r-oldrel-macos-x86_64, r-oldrel-windows-x86_64