CRAN Package Check Results for Package gdalUtilities

Last updated on 2025-11-16 12:49:31 CET.

Flavor Version Tinstall Tcheck Ttotal Status Flags
r-devel-linux-x86_64-debian-clang 1.2.5 3.93 40.21 44.14 NOTE
r-devel-linux-x86_64-debian-gcc 1.2.5 2.95 32.28 35.23 NOTE
r-devel-linux-x86_64-fedora-clang 1.2.5 14.00 55.32 69.32 NOTE
r-devel-linux-x86_64-fedora-gcc 1.2.5 11.00 55.48 66.48 NOTE
r-devel-windows-x86_64 1.2.5 6.00 54.00 60.00 NOTE
r-patched-linux-x86_64 1.2.5 4.51 37.84 42.35 NOTE
r-release-linux-x86_64 1.2.5 4.04 37.41 41.45 NOTE
r-release-macos-arm64 1.2.5 2.00 22.00 24.00 NOTE
r-release-macos-x86_64 1.2.5 3.00 41.00 44.00 NOTE
r-release-windows-x86_64 1.2.5 6.00 54.00 60.00 NOTE
r-oldrel-macos-arm64 1.2.5 2.00 19.00 21.00 NOTE
r-oldrel-macos-x86_64 1.2.5 3.00 29.00 32.00 NOTE
r-oldrel-windows-x86_64 1.2.5 7.00 63.00 70.00 NOTE

Check Details

Version: 1.2.5
Check: CRAN incoming feasibility
Result: NOTE Maintainer: ‘Joshua O'Brien <joshmobrien@gmail.com>’ No Authors@R field in DESCRIPTION. Please add one, modifying Authors@R: person(given = "Joshua", family = "O'Brien", role = c("aut", "cre"), email = "joshmobrien@gmail.com") as necessary. Flavor: r-devel-linux-x86_64-debian-clang

Version: 1.2.5
Check: Rd files
Result: NOTE checkRd: (-1) nearblack.Rd:30: Lost braces 30 | code{infile=}, indicating that the input file should be | ^ Flavors: r-devel-linux-x86_64-debian-clang, r-devel-linux-x86_64-debian-gcc, r-devel-linux-x86_64-fedora-clang, r-devel-linux-x86_64-fedora-gcc, r-devel-windows-x86_64, r-patched-linux-x86_64, r-release-linux-x86_64, r-release-macos-arm64, r-release-macos-x86_64, r-release-windows-x86_64, r-oldrel-macos-arm64, r-oldrel-macos-x86_64, r-oldrel-windows-x86_64

Version: 1.2.5
Check: CRAN incoming feasibility
Result: NOTE Maintainer: ‘Joshua O'Brien <joshmobrien@gmail.com>’ No Authors@R field in DESCRIPTION. Please add one, modifying Authors@R: person(given = "Joshua", family = "O'Brien", role = c("aut", "cre"), email = "joshmobrien@gmail.com") as necessary. The BugReports field in DESCRIPTION has https://github.com/JoshOBrien/gdalUtilities/issues/ which should likely be https://github.com/JoshOBrien/gdalUtilities/issues/issues instead. Flavor: r-devel-linux-x86_64-debian-gcc