Last updated on 2025-11-16 18:49:31 CET.
| Flavor | Version | Tinstall | Tcheck | Ttotal | Status | Flags |
|---|---|---|---|---|---|---|
| r-devel-linux-x86_64-debian-clang | 1.6.0-7 | 19.57 | 118.84 | 138.41 | OK | |
| r-devel-linux-x86_64-debian-gcc | 1.6.0-7 | 13.20 | 81.82 | 95.02 | NOTE | |
| r-devel-linux-x86_64-fedora-clang | 1.6.0-7 | 74.00 | 154.56 | 228.56 | OK | |
| r-devel-linux-x86_64-fedora-gcc | 1.6.0-7 | 41.00 | 166.65 | 207.65 | OK | |
| r-devel-windows-x86_64 | 1.6.0-7 | 47.00 | 134.00 | 181.00 | OK | |
| r-patched-linux-x86_64 | 1.6.0-7 | 18.46 | 113.51 | 131.97 | OK | |
| r-release-linux-x86_64 | 1.6.0-7 | 17.84 | 113.59 | 131.43 | OK | |
| r-release-macos-arm64 | 1.6.0-7 | 10.00 | 49.00 | 59.00 | OK | |
| r-release-macos-x86_64 | 1.6.0-7 | 22.00 | 125.00 | 147.00 | OK | |
| r-release-windows-x86_64 | 1.6.0-7 | 37.00 | 130.00 | 167.00 | OK | |
| r-oldrel-macos-arm64 | 1.6.0-7 | 9.00 | 50.00 | 59.00 | NOTE | |
| r-oldrel-macos-x86_64 | 1.6.0-7 | 18.00 | 128.00 | 146.00 | NOTE | |
| r-oldrel-windows-x86_64 | 1.6.0-7 | 48.00 | 167.00 | 215.00 | NOTE |
Version: 1.6.0-7
Check: CRAN incoming feasibility
Result: NOTE
Maintainer: ‘Matt Fitzpatrick <mfitzpatrick@umces.edu>’
The BugReports field in DESCRIPTION has
https://github.com/fitzLab-AL/gdm/issues/
which should likely be
https://github.com/fitzLab-AL/gdm/issues/issues
instead.
Flavor: r-devel-linux-x86_64-debian-gcc
Version: 1.6.0-7
Check: installed package size
Result: NOTE
installed size is 5.1Mb
sub-directories of 1Mb or more:
extdata 3.8Mb
Flavors: r-oldrel-macos-arm64, r-oldrel-macos-x86_64, r-oldrel-windows-x86_64