Last updated on 2025-04-29 13:51:24 CEST.
Flavor | Version | Tinstall | Tcheck | Ttotal | Status | Flags |
---|---|---|---|---|---|---|
r-devel-linux-x86_64-debian-clang | 0.1.1 | 1.72 | 16.05 | 17.77 | NOTE | |
r-devel-linux-x86_64-debian-gcc | 0.1.1 | 1.26 | 13.28 | 14.54 | NOTE | |
r-devel-linux-x86_64-fedora-clang | 0.1.1 | 28.78 | OK | |||
r-devel-linux-x86_64-fedora-gcc | 0.1.1 | 26.51 | OK | |||
r-devel-windows-x86_64 | 0.1.1 | 3.00 | 34.00 | 37.00 | OK | |
r-patched-linux-x86_64 | 0.1.1 | 1.76 | 15.73 | 17.49 | OK | |
r-release-linux-x86_64 | 0.1.1 | 1.45 | 15.98 | 17.43 | OK | |
r-release-macos-arm64 | 0.1.1 | 14.00 | OK | |||
r-release-macos-x86_64 | 0.1.1 | 27.00 | OK | |||
r-release-windows-x86_64 | 0.1.1 | 3.00 | 39.00 | 42.00 | OK | |
r-oldrel-macos-arm64 | 0.1.1 | 14.00 | OK | |||
r-oldrel-macos-x86_64 | 0.1.1 | 18.00 | OK | |||
r-oldrel-windows-x86_64 | 0.1.1 | 3.00 | 34.00 | 37.00 | OK |
Version: 0.1.1
Check: CRAN incoming feasibility
Result: NOTE
Maintainer: ‘Partha Sarathi Bishnu <psbishnu@gmail.com>’
No Authors@R field in DESCRIPTION.
Please add one, modifying
Authors@R: person(given = c("Partha", "Sarathi"),
family = "Bishnu",
role = c("aut", "cre"),
email = "psbishnu@gmail.com")
as necessary.
Flavors: r-devel-linux-x86_64-debian-clang, r-devel-linux-x86_64-debian-gcc