Last updated on 2024-07-01 00:49:44 CEST.
Flavor | Version | Tinstall | Tcheck | Ttotal | Status | Flags |
---|---|---|---|---|---|---|
r-devel-linux-x86_64-debian-clang | 1.0.0 | 54.58 | 515.18 | 569.76 | OK | |
r-devel-linux-x86_64-debian-gcc | 1.0.0 | 44.49 | 364.85 | 409.34 | OK | |
r-devel-linux-x86_64-fedora-clang | 1.0.0 | 735.31 | NOTE | |||
r-devel-linux-x86_64-fedora-gcc | 1.0.0 | 682.02 | OK | |||
r-devel-windows-x86_64 | 1.0.0 | 44.00 | 305.00 | 349.00 | OK | |
r-patched-linux-x86_64 | 1.0.0 | 35.17 | 483.74 | 518.91 | OK | |
r-release-linux-x86_64 | 1.0.0 | 38.46 | 475.62 | 514.08 | OK | |
r-release-macos-arm64 | 1.0.0 | 154.00 | OK | |||
r-release-macos-x86_64 | 1.0.0 | 238.00 | OK | |||
r-release-windows-x86_64 | 1.0.0 | 45.00 | 312.00 | 357.00 | OK | |
r-oldrel-macos-arm64 | 1.0.0 | 144.00 | OK | |||
r-oldrel-macos-x86_64 | 1.0.0 | 466.00 | OK | |||
r-oldrel-windows-x86_64 | 1.0.0 | 63.00 | 424.00 | 487.00 | OK |
Version: 1.0.0
Check: Rd cross-references
Result: NOTE
Undeclared packages ‘palmerpenguins’, ‘readxl’ in Rd xrefs
Flavor: r-devel-linux-x86_64-fedora-clang