Last updated on 2025-04-29 13:51:24 CEST.
Flavor | Version | Tinstall | Tcheck | Ttotal | Status | Flags |
---|---|---|---|---|---|---|
r-devel-linux-x86_64-debian-clang | 1.0.2 | 6.45 | 51.40 | 57.85 | NOTE | |
r-devel-linux-x86_64-debian-gcc | 1.0.2 | 4.33 | 36.46 | 40.79 | OK | |
r-devel-linux-x86_64-fedora-clang | 1.0.2 | 78.20 | OK | |||
r-devel-linux-x86_64-fedora-gcc | 1.0.2 | 74.61 | OK | |||
r-devel-windows-x86_64 | 1.0.2 | 8.00 | 76.00 | 84.00 | OK | |
r-patched-linux-x86_64 | 1.0.2 | 6.94 | 46.89 | 53.83 | OK | |
r-release-linux-x86_64 | 1.0.2 | 5.92 | 46.84 | 52.76 | OK | |
r-release-macos-arm64 | 1.0.2 | 38.00 | OK | |||
r-release-macos-x86_64 | 1.0.2 | 56.00 | OK | |||
r-release-windows-x86_64 | 1.0.2 | 9.00 | 81.00 | 90.00 | OK | |
r-oldrel-macos-arm64 | 1.0.2 | 32.00 | OK | |||
r-oldrel-macos-x86_64 | 1.0.2 | 45.00 | OK | |||
r-oldrel-windows-x86_64 | 1.0.2 | 9.00 | 91.00 | 100.00 | OK |
Version: 1.0.2
Check: examples
Result: NOTE
Examples with CPU (user + system) or elapsed time > 5s
user system elapsed
genlog_simu 0.099 0.008 5.635
Flavor: r-devel-linux-x86_64-debian-clang