Last updated on 2024-07-13 05:49:14 CEST.
Flavor | Version | Tinstall | Tcheck | Ttotal | Status | Flags |
---|---|---|---|---|---|---|
r-devel-linux-x86_64-debian-clang | 1.0-1 | 2.77 | 56.94 | 59.71 | NOTE | |
r-devel-linux-x86_64-debian-gcc | 1.0-1 | 2.64 | 41.19 | 43.83 | NOTE | |
r-devel-linux-x86_64-fedora-clang | 1.0-1 | 73.74 | NOTE | |||
r-devel-linux-x86_64-fedora-gcc | 1.0-1 | 68.02 | NOTE | |||
r-devel-windows-x86_64 | 1.0-1 | 4.00 | 62.00 | 66.00 | NOTE | |
r-patched-linux-x86_64 | 1.0-1 | 3.24 | 54.72 | 57.96 | NOTE | |
r-release-linux-x86_64 | 1.0-1 | 1.93 | 53.08 | 55.01 | NOTE | |
r-release-macos-arm64 | 1.0-1 | 22.00 | NOTE | |||
r-release-macos-x86_64 | 1.0-1 | 48.00 | NOTE | |||
r-release-windows-x86_64 | 1.0-1 | 4.00 | 60.00 | 64.00 | NOTE | |
r-oldrel-macos-arm64 | 1.0-1 | 24.00 | NOTE | |||
r-oldrel-macos-x86_64 | 1.0-1 | 37.00 | NOTE | |||
r-oldrel-windows-x86_64 | 1.0-1 | 5.00 | 67.00 | 72.00 | NOTE |
Version: 1.0-1
Check: LazyData
Result: NOTE
'LazyData' is specified without a 'data' directory
Flavors: r-devel-linux-x86_64-debian-clang, r-devel-linux-x86_64-debian-gcc, r-devel-linux-x86_64-fedora-clang, r-devel-linux-x86_64-fedora-gcc, r-devel-windows-x86_64, r-patched-linux-x86_64, r-release-linux-x86_64, r-release-macos-arm64, r-release-macos-x86_64, r-release-windows-x86_64, r-oldrel-macos-arm64, r-oldrel-macos-x86_64, r-oldrel-windows-x86_64