Last updated on 2025-04-29 13:51:24 CEST.
Flavor | Version | Tinstall | Tcheck | Ttotal | Status | Flags |
---|---|---|---|---|---|---|
r-devel-linux-x86_64-debian-clang | 1.3 | 4.31 | 35.92 | 40.23 | NOTE | |
r-devel-linux-x86_64-debian-gcc | 1.3 | 3.53 | 29.78 | 33.31 | NOTE | |
r-devel-linux-x86_64-fedora-clang | 1.3 | 65.71 | NOTE | |||
r-devel-linux-x86_64-fedora-gcc | 1.3 | 63.01 | NOTE | |||
r-devel-windows-x86_64 | 1.3 | 6.00 | 54.00 | 60.00 | NOTE | |
r-patched-linux-x86_64 | 1.3 | 4.34 | 35.74 | 40.08 | NOTE | |
r-release-linux-x86_64 | 1.3 | 3.93 | 34.91 | 38.84 | NOTE | |
r-release-macos-arm64 | 1.3 | 24.00 | NOTE | |||
r-release-macos-x86_64 | 1.3 | 58.00 | NOTE | |||
r-release-windows-x86_64 | 1.3 | 8.00 | 59.00 | 67.00 | NOTE | |
r-oldrel-macos-arm64 | 1.3 | 22.00 | NOTE | |||
r-oldrel-macos-x86_64 | 1.3 | 30.00 | NOTE | |||
r-oldrel-windows-x86_64 | 1.3 | 7.00 | 60.00 | 67.00 | NOTE |
Version: 1.3
Check: CRAN incoming feasibility
Result: NOTE
Maintainer: ‘John P Nolan <jpnolan@american.edu>’
No Authors@R field in DESCRIPTION.
Please add one, modifying
Authors@R: person(given = c("John", "P"),
family = "Nolan",
role = c("aut", "cre"),
email = "jpnolan@american.edu")
as necessary.
Flavors: r-devel-linux-x86_64-debian-clang, r-devel-linux-x86_64-debian-gcc
Version: 1.3
Check: Rd files
Result: NOTE
checkRd: (-1) cfunc.new.Rd:57: Lost braces in \itemize; meant \describe ?
checkRd: (-1) cfunc.new.Rd:58-59: Lost braces in \itemize; meant \describe ?
checkRd: (-1) cfunc.new.Rd:60-61: Lost braces in \itemize; meant \describe ?
checkRd: (-1) cfunc.new.Rd:62: Lost braces in \itemize; meant \describe ?
checkRd: (-1) cfunc.new.Rd:63-64: Lost braces in \itemize; meant \describe ?
checkRd: (-1) cfunc.new.Rd:65: Lost braces in \itemize; meant \describe ?
Flavors: r-devel-linux-x86_64-debian-clang, r-devel-linux-x86_64-debian-gcc, r-devel-linux-x86_64-fedora-clang, r-devel-linux-x86_64-fedora-gcc, r-devel-windows-x86_64, r-patched-linux-x86_64, r-release-linux-x86_64, r-release-macos-arm64, r-release-macos-x86_64, r-release-windows-x86_64, r-oldrel-macos-arm64, r-oldrel-macos-x86_64, r-oldrel-windows-x86_64