Last updated on 2025-10-23 11:50:14 CEST.
Flavor | Version | Tinstall | Tcheck | Ttotal | Status | Flags |
---|---|---|---|---|---|---|
r-devel-linux-x86_64-debian-clang | 0.1.1 | 1.73 | 25.00 | 26.73 | NOTE | |
r-devel-linux-x86_64-debian-gcc | 0.1.1 | 1.51 | 19.95 | 21.46 | OK | |
r-devel-linux-x86_64-fedora-clang | 0.1.1 | 43.58 | OK | |||
r-devel-linux-x86_64-fedora-gcc | 0.1.1 | 56.08 | OK | |||
r-devel-windows-x86_64 | 0.1.1 | 4.00 | 45.00 | 49.00 | OK | |
r-patched-linux-x86_64 | 0.1.1 | 1.84 | 23.41 | 25.25 | OK | |
r-release-linux-x86_64 | 0.1.1 | 1.55 | 23.56 | 25.11 | OK | |
r-release-macos-arm64 | 0.1.1 | 1.00 | 35.00 | 36.00 | OK | |
r-release-macos-x86_64 | 0.1.1 | 3.00 | 74.00 | 77.00 | OK | |
r-release-windows-x86_64 | 0.1.1 | 4.00 | 45.00 | 49.00 | OK | |
r-oldrel-macos-arm64 | 0.1.1 | 1.00 | 22.00 | 23.00 | NOTE | |
r-oldrel-macos-x86_64 | 0.1.1 | 2.00 | 34.00 | 36.00 | NOTE | |
r-oldrel-windows-x86_64 | 0.1.1 | 5.00 | 53.00 | 58.00 | NOTE |
Version: 0.1.1
Check: HTML version of manual
Result: NOTE
Found the following HTML validation problems:
getPathRegion.html:50:1 (getPathRegion.Rd:12): Warning: missing </ul> before </div>
Flavor: r-devel-linux-x86_64-debian-clang
Version: 0.1.1
Check: package dependencies
Result: NOTE
Package suggested but not available for checking: ‘geomarocdata’
Flavors: r-oldrel-macos-arm64, r-oldrel-macos-x86_64, r-oldrel-windows-x86_64