CRAN Package Check Results for Package getable

Last updated on 2025-11-16 06:49:37 CET.

Flavor Version Tinstall Tcheck Ttotal Status Flags
r-devel-linux-x86_64-debian-clang 1.0.3 1.63 25.95 27.58 OK
r-devel-linux-x86_64-debian-gcc 1.0.3 1.57 21.56 23.13 NOTE
r-devel-linux-x86_64-fedora-clang 1.0.3 42.11 OK
r-devel-linux-x86_64-fedora-gcc 1.0.3 51.86 OK
r-devel-windows-x86_64 1.0.3 3.00 49.00 52.00 OK
r-patched-linux-x86_64 1.0.3 1.55 22.96 24.51 OK
r-release-linux-x86_64 1.0.3 1.50 23.06 24.56 OK
r-release-macos-arm64 1.0.3 1.00 34.00 35.00 OK
r-release-macos-x86_64 1.0.3 2.00 38.00 40.00 OK
r-release-windows-x86_64 1.0.3 3.00 43.00 46.00 OK
r-oldrel-macos-arm64 1.0.3 1.00 22.00 23.00 NOTE
r-oldrel-macos-x86_64 1.0.3 1.00 31.00 32.00 NOTE
r-oldrel-windows-x86_64 1.0.3 4.00 49.00 53.00 NOTE

Check Details

Version: 1.0.3
Check: CRAN incoming feasibility
Result: NOTE Maintainer: ‘Yongfu Liao <liao961120@gmail.com>’ The BugReports field in DESCRIPTION has https://github.com/liao961120/getable/issues/ which should likely be https://github.com/liao961120/getable/issues/issues instead. Flavor: r-devel-linux-x86_64-debian-gcc

Version: 1.0.3
Check: LazyData
Result: NOTE 'LazyData' is specified without a 'data' directory Flavors: r-oldrel-macos-arm64, r-oldrel-macos-x86_64, r-oldrel-windows-x86_64