Last updated on 2025-11-16 18:49:31 CET.
| Flavor | Version | Tinstall | Tcheck | Ttotal | Status | Flags |
|---|---|---|---|---|---|---|
| r-devel-linux-x86_64-debian-clang | 1.0-21 | 4.62 | 48.40 | 53.02 | NOTE | |
| r-devel-linux-x86_64-debian-gcc | 1.0-21 | 4.44 | 46.72 | 51.16 | NOTE | |
| r-devel-linux-x86_64-fedora-clang | 1.0-21 | 17.00 | 78.06 | 95.06 | OK | |
| r-devel-linux-x86_64-fedora-gcc | 1.0-21 | 11.00 | 82.95 | 93.95 | OK | |
| r-devel-windows-x86_64 | 1.0-21 | 5.00 | 57.00 | 62.00 | OK | |
| r-patched-linux-x86_64 | 1.0-21 | 4.77 | 41.72 | 46.49 | OK | |
| r-release-linux-x86_64 | 1.0-21 | 4.42 | 41.70 | 46.12 | OK | |
| r-release-macos-arm64 | 1.0-21 | 4.00 | 40.00 | 44.00 | OK | |
| r-release-macos-x86_64 | 1.0-21 | 4.00 | 52.00 | 56.00 | OK | |
| r-release-windows-x86_64 | 1.0-21 | 4.00 | 60.00 | 64.00 | OK | |
| r-oldrel-macos-arm64 | 1.0-21 | 3.00 | 34.00 | 37.00 | OK | |
| r-oldrel-macos-x86_64 | 1.0-21 | 3.00 | 46.00 | 49.00 | OK | |
| r-oldrel-windows-x86_64 | 1.0-21 | 5.00 | 65.00 | 70.00 | OK |
Version: 1.0-21
Check: CRAN incoming feasibility
Result: NOTE
Maintainer: ‘Ivan Bezerra Allaman <ivanalaman@gmail.com>’
No Authors@R field in DESCRIPTION.
Please add one, modifying
Authors@R: c(person(given = c("Ivan", "Bezerra"),
family = "Allaman",
role = c("aut", "cre"),
email = "ivanalaman@gmail.com"),
person(given = c("Jose", "Claudio"),
family = "Faria",
role = "aut",
email = "joseclaudio.faria@gmail.com"))
as necessary.
Flavors: r-devel-linux-x86_64-debian-clang, r-devel-linux-x86_64-debian-gcc