CRAN Package Check Results for Package gfiUltra

Last updated on 2025-04-29 13:51:24 CEST.

Flavor Version Tinstall Tcheck Ttotal Status Flags
r-devel-linux-x86_64-debian-clang 1.0.0 7.19 60.17 67.36 NOTE
r-devel-linux-x86_64-debian-gcc 1.0.0 4.51 44.43 48.94 OK
r-devel-linux-x86_64-fedora-clang 1.0.0 100.38 OK
r-devel-linux-x86_64-fedora-gcc 1.0.0 101.40 OK
r-devel-windows-x86_64 1.0.0 7.00 67.00 74.00 OK
r-patched-linux-x86_64 1.0.0 5.70 57.71 63.41 OK
r-release-linux-x86_64 1.0.0 6.61 58.13 64.74 OK
r-release-macos-arm64 1.0.0 38.00 OK
r-release-macos-x86_64 1.0.0 98.00 OK
r-release-windows-x86_64 1.0.0 9.00 72.00 81.00 OK
r-oldrel-macos-arm64 1.0.0 33.00 NOTE
r-oldrel-macos-x86_64 1.0.0 53.00 NOTE
r-oldrel-windows-x86_64 1.0.0 9.00 83.00 92.00 NOTE

Check Details

Version: 1.0.0
Check: examples
Result: NOTE Examples with CPU (user + system) or elapsed time > 5s user system elapsed gfiUltra 4.938 0.107 7.736 Flavor: r-devel-linux-x86_64-debian-clang

Version: 1.0.0
Check: LazyData
Result: NOTE 'LazyData' is specified without a 'data' directory Flavors: r-oldrel-macos-arm64, r-oldrel-macos-x86_64, r-oldrel-windows-x86_64