Last updated on 2024-06-27 10:49:32 CEST.
Flavor | Version | Tinstall | Tcheck | Ttotal | Status | Flags |
---|---|---|---|---|---|---|
r-devel-linux-x86_64-debian-clang | 1.5.2 | OK | ||||
r-devel-linux-x86_64-debian-gcc | 1.5.2 | 6.88 | 96.38 | 103.26 | OK | |
r-devel-linux-x86_64-fedora-clang | 1.5.2 | 174.36 | NOTE | |||
r-devel-linux-x86_64-fedora-gcc | 1.5.2 | 179.78 | OK | |||
r-devel-windows-x86_64 | 1.5.2 | 9.00 | 106.00 | 115.00 | NOTE | |
r-patched-linux-x86_64 | 1.5.2 | 8.53 | 121.97 | 130.50 | OK | |
r-release-linux-x86_64 | 1.5.2 | 8.61 | 119.81 | 128.42 | OK | |
r-release-macos-arm64 | 1.5.2 | 57.00 | NOTE | |||
r-release-macos-x86_64 | 1.5.2 | 89.00 | NOTE | |||
r-release-windows-x86_64 | 1.5.2 | 9.00 | 106.00 | 115.00 | NOTE | |
r-oldrel-macos-arm64 | 1.5.2 | 65.00 | NOTE | |||
r-oldrel-macos-x86_64 | 1.5.2 | 107.00 | NOTE | |||
r-oldrel-windows-x86_64 | 1.5.2 | 12.00 | 128.00 | 140.00 | NOTE |
Version: 1.5.2
Check: installed package size
Result: NOTE
installed size is 11.1Mb
sub-directories of 1Mb or more:
doc 9.5Mb
help 1.1Mb
Flavors: r-devel-linux-x86_64-fedora-clang, r-devel-windows-x86_64, r-release-macos-arm64, r-release-macos-x86_64, r-release-windows-x86_64, r-oldrel-macos-arm64, r-oldrel-macos-x86_64, r-oldrel-windows-x86_64