Last updated on 2025-04-29 13:51:24 CEST.
Flavor | Version | Tinstall | Tcheck | Ttotal | Status | Flags |
---|---|---|---|---|---|---|
r-devel-linux-x86_64-debian-clang | 0.1.3 | 3.23 | 35.15 | 38.38 | NOTE | |
r-devel-linux-x86_64-debian-gcc | 0.1.3 | 2.93 | 25.86 | 28.79 | OK | |
r-devel-linux-x86_64-fedora-clang | 0.1.3 | 55.42 | OK | |||
r-devel-linux-x86_64-fedora-gcc | 0.1.3 | 55.19 | OK | |||
r-devel-windows-x86_64 | 0.1.3 | 5.00 | 51.00 | 56.00 | OK | |
r-patched-linux-x86_64 | 0.1.3 | 3.91 | 32.85 | 36.76 | OK | |
r-release-linux-x86_64 | 0.1.3 | 3.69 | 33.69 | 37.38 | OK | |
r-release-macos-arm64 | 0.1.3 | 33.00 | OK | |||
r-release-macos-x86_64 | 0.1.3 | 39.00 | OK | |||
r-release-windows-x86_64 | 0.1.3 | 6.00 | 53.00 | 59.00 | OK | |
r-oldrel-macos-arm64 | 0.1.3 | 21.00 | OK | |||
r-oldrel-macos-x86_64 | 0.1.3 | 36.00 | OK | |||
r-oldrel-windows-x86_64 | 0.1.3 | 6.00 | 59.00 | 65.00 | OK |
Version: 0.1.3
Check: examples
Result: NOTE
Examples with CPU (user + system) or elapsed time > 5s
user system elapsed
geom_daynight 3.057 0.1 5.515
Flavor: r-devel-linux-x86_64-debian-clang