Last updated on 2025-10-25 06:49:42 CEST.
| Flavor | Version | Tinstall | Tcheck | Ttotal | Status | Flags |
|---|---|---|---|---|---|---|
| r-devel-linux-x86_64-debian-clang | 0.1.2 | 6.36 | 63.07 | 69.43 | NOTE | |
| r-devel-linux-x86_64-debian-gcc | 0.1.2 | 4.40 | 44.75 | 49.15 | NOTE | |
| r-devel-linux-x86_64-fedora-clang | 0.1.2 | 17.00 | 82.47 | 99.47 | NOTE | |
| r-devel-linux-x86_64-fedora-gcc | 0.1.2 | 16.00 | 79.94 | 95.94 | NOTE | |
| r-devel-windows-x86_64 | 0.1.2 | 9.00 | 71.00 | 80.00 | NOTE | |
| r-patched-linux-x86_64 | 0.1.2 | 6.39 | 57.57 | 63.96 | NOTE | |
| r-release-linux-x86_64 | 0.1.2 | 5.81 | 58.17 | 63.98 | NOTE | |
| r-release-macos-arm64 | 0.1.2 | 3.00 | 24.00 | 27.00 | NOTE | |
| r-release-macos-x86_64 | 0.1.2 | 5.00 | 40.00 | 45.00 | NOTE | |
| r-release-windows-x86_64 | 0.1.2 | 12.00 | 72.00 | 84.00 | NOTE | |
| r-oldrel-macos-arm64 | 0.1.2 | 3.00 | 26.00 | 29.00 | OK | |
| r-oldrel-macos-x86_64 | 0.1.2 | 5.00 | 44.00 | 49.00 | OK | |
| r-oldrel-windows-x86_64 | 0.1.2 | 13.00 | 90.00 | 103.00 | OK |
Version: 0.1.2
Check: DESCRIPTION meta-information
Result: NOTE
Missing dependency on R >= 4.1.0 because package code uses the pipe
|> or function shorthand \(...) syntax added in R 4.1.0.
File(s) using such syntax:
‘lib.R’
Flavors: r-devel-linux-x86_64-debian-clang, r-devel-linux-x86_64-debian-gcc, r-devel-linux-x86_64-fedora-clang, r-devel-linux-x86_64-fedora-gcc, r-devel-windows-x86_64, r-patched-linux-x86_64, r-release-linux-x86_64, r-release-macos-arm64, r-release-macos-x86_64, r-release-windows-x86_64