Last updated on 2025-11-16 00:48:33 CET.
| Flavor | Version | Tinstall | Tcheck | Ttotal | Status | Flags |
|---|---|---|---|---|---|---|
| r-devel-linux-x86_64-debian-clang | 0.10.2 | 5.94 | 69.20 | 75.14 | OK | |
| r-devel-linux-x86_64-debian-gcc | 0.10.2 | 3.23 | 58.24 | 61.47 | NOTE | |
| r-devel-linux-x86_64-fedora-clang | 0.10.2 | 29.00 | 88.09 | 117.09 | OK | |
| r-devel-linux-x86_64-fedora-gcc | 0.10.2 | 13.00 | 105.64 | 118.64 | OK | |
| r-devel-windows-x86_64 | 0.10.2 | 8.00 | 74.00 | 82.00 | OK | |
| r-patched-linux-x86_64 | 0.10.2 | 5.87 | 63.05 | 68.92 | OK | |
| r-release-linux-x86_64 | 0.10.2 | 5.95 | 78.45 | 84.40 | OK | |
| r-release-macos-arm64 | 0.10.2 | 2.00 | 78.00 | 80.00 | OK | |
| r-release-macos-x86_64 | 0.10.2 | 4.00 | 61.00 | 65.00 | OK | |
| r-release-windows-x86_64 | 0.10.2 | 7.00 | 74.00 | 81.00 | OK | |
| r-oldrel-macos-arm64 | 0.10.2 | 2.00 | 32.00 | 34.00 | OK | |
| r-oldrel-macos-x86_64 | 0.10.2 | 4.00 | 50.00 | 54.00 | OK | |
| r-oldrel-windows-x86_64 | 0.10.2 | 11.00 | 92.00 | 103.00 | OK |
Version: 0.10.2
Check: CRAN incoming feasibility
Result: NOTE
Maintainer: ‘David Wilkins <david@wilkox.org>’
The BugReports field in DESCRIPTION has
https://github.com/wilkox/ggfittext/issues/
which should likely be
https://github.com/wilkox/ggfittext/issues/issues
instead.
Flavor: r-devel-linux-x86_64-debian-gcc