Last updated on 2025-11-16 18:49:31 CET.
| Flavor | Version | Tinstall | Tcheck | Ttotal | Status | Flags |
|---|---|---|---|---|---|---|
| r-devel-linux-x86_64-debian-clang | 0.5.1 | 4.53 | 102.74 | 107.27 | OK | |
| r-devel-linux-x86_64-debian-gcc | 0.5.1 | 3.68 | 80.81 | 84.49 | NOTE | |
| r-devel-linux-x86_64-fedora-clang | 0.5.1 | 25.00 | 148.23 | 173.23 | OK | |
| r-devel-linux-x86_64-fedora-gcc | 0.5.1 | 12.00 | 153.31 | 165.31 | OK | |
| r-devel-windows-x86_64 | 0.5.1 | 8.00 | 97.00 | 105.00 | OK | |
| r-patched-linux-x86_64 | 0.5.1 | 5.07 | 97.37 | 102.44 | OK | |
| r-release-linux-x86_64 | 0.5.1 | 4.81 | 111.36 | 116.17 | OK | |
| r-release-macos-arm64 | 0.5.1 | 3.00 | 60.00 | 63.00 | OK | |
| r-release-macos-x86_64 | 0.5.1 | 3.00 | 78.00 | 81.00 | OK | |
| r-release-windows-x86_64 | 0.5.1 | 7.00 | 98.00 | 105.00 | OK | |
| r-oldrel-macos-arm64 | 0.5.1 | 2.00 | 41.00 | 43.00 | OK | |
| r-oldrel-macos-x86_64 | 0.5.1 | 3.00 | 62.00 | 65.00 | OK | |
| r-oldrel-windows-x86_64 | 0.5.1 | 11.00 | 124.00 | 135.00 | OK |
Version: 0.5.1
Check: CRAN incoming feasibility
Result: NOTE
Maintainer: ‘David Wilkins <david@wilkox.org>’
The BugReports field in DESCRIPTION has
https://github.com/wilkox/gggenes/issues/
which should likely be
https://github.com/wilkox/gggenes/issues/issues
instead.
Flavor: r-devel-linux-x86_64-debian-gcc