Last updated on 2025-11-16 18:49:31 CET.
| Flavor | Version | Tinstall | Tcheck | Ttotal | Status | Flags |
|---|---|---|---|---|---|---|
| r-devel-linux-x86_64-debian-clang | 1.1.2 | 4.89 | 56.20 | 61.09 | OK | |
| r-devel-linux-x86_64-debian-gcc | 1.1.2 | 3.99 | 42.91 | 46.90 | OK | |
| r-devel-linux-x86_64-fedora-clang | 1.1.2 | 26.00 | 73.91 | 99.91 | OK | |
| r-devel-linux-x86_64-fedora-gcc | 1.1.2 | 11.00 | 78.35 | 89.35 | OK | |
| r-devel-windows-x86_64 | 1.1.2 | 8.00 | 63.00 | 71.00 | OK | |
| r-patched-linux-x86_64 | 1.1.2 | 5.05 | 52.87 | 57.92 | OK | |
| r-release-linux-x86_64 | 1.1.2 | 5.46 | 52.79 | 58.25 | OK | |
| r-release-macos-arm64 | 1.1.2 | 3.00 | 26.00 | 29.00 | OK | |
| r-release-macos-x86_64 | 1.1.2 | 5.00 | 61.00 | 66.00 | OK | |
| r-release-windows-x86_64 | 1.1.2 | 8.00 | 64.00 | 72.00 | OK | |
| r-oldrel-macos-arm64 | 1.1.2 | 3.00 | 22.00 | 25.00 | NOTE | |
| r-oldrel-macos-x86_64 | 1.1.2 | 4.00 | 32.00 | 36.00 | NOTE | |
| r-oldrel-windows-x86_64 | 1.1.2 | 10.00 | 80.00 | 90.00 | NOTE |
Version: 1.1.2
Check: LazyData
Result: NOTE
'LazyData' is specified without a 'data' directory
Flavors: r-oldrel-macos-arm64, r-oldrel-macos-x86_64, r-oldrel-windows-x86_64