Last updated on 2025-05-18 20:49:44 CEST.
Flavor | Version | Tinstall | Tcheck | Ttotal | Status | Flags |
---|---|---|---|---|---|---|
r-devel-linux-x86_64-debian-clang | 0.3.3 | 6.98 | 53.38 | 60.36 | NOTE | |
r-devel-linux-x86_64-debian-gcc | 0.3.3 | 4.45 | 37.67 | 42.12 | NOTE | |
r-devel-linux-x86_64-fedora-clang | 0.3.3 | 95.07 | NOTE | |||
r-devel-linux-x86_64-fedora-gcc | 0.3.3 | 95.21 | NOTE | |||
r-devel-windows-x86_64 | 0.3.3 | 10.00 | 73.00 | 83.00 | NOTE | |
r-patched-linux-x86_64 | 0.3.3 | 7.27 | 49.12 | 56.39 | NOTE | |
r-release-linux-x86_64 | 0.3.3 | 6.44 | 49.56 | 56.00 | NOTE | |
r-release-macos-arm64 | 0.3.3 | 27.00 | NOTE | |||
r-release-macos-x86_64 | 0.3.3 | 47.00 | NOTE | |||
r-release-windows-x86_64 | 0.3.3 | 8.00 | 78.00 | 86.00 | NOTE | |
r-oldrel-macos-arm64 | 0.3.3 | 30.00 | OK | |||
r-oldrel-macos-x86_64 | 0.3.3 | 41.00 | OK | |||
r-oldrel-windows-x86_64 | 0.3.3 | 11.00 | 83.00 | 94.00 | OK |
Version: 0.3.3
Check: DESCRIPTION meta-information
Result: NOTE
Missing dependency on R >= 4.1.0 because package code uses the pipe
|> or function shorthand \(...) syntax added in R 4.1.0.
File(s) using such syntax:
‘geom_phylopic.R’
Flavors: r-devel-linux-x86_64-debian-clang, r-devel-linux-x86_64-debian-gcc, r-devel-linux-x86_64-fedora-clang, r-devel-linux-x86_64-fedora-gcc, r-devel-windows-x86_64, r-patched-linux-x86_64, r-release-linux-x86_64, r-release-macos-arm64, r-release-macos-x86_64, r-release-windows-x86_64