Last updated on 2024-06-27 10:49:32 CEST.
Flavor | Version | Tinstall | Tcheck | Ttotal | Status | Flags |
---|---|---|---|---|---|---|
r-devel-linux-x86_64-debian-clang | 0.1.1 | OK | ||||
r-devel-linux-x86_64-debian-gcc | 0.1.1 | 1.79 | 19.37 | 21.16 | OK | |
r-devel-linux-x86_64-fedora-clang | 0.1.1 | 34.06 | NOTE | |||
r-devel-linux-x86_64-fedora-gcc | 0.1.1 | 31.50 | OK | |||
r-devel-windows-x86_64 | 0.1.1 | 3.00 | 39.00 | 42.00 | OK | |
r-patched-linux-x86_64 | 0.1.1 | 2.11 | 23.06 | 25.17 | OK | |
r-release-linux-x86_64 | 0.1.1 | 2.15 | 23.91 | 26.06 | OK | |
r-release-macos-arm64 | 0.1.1 | 15.00 | OK | |||
r-release-macos-x86_64 | 0.1.1 | 21.00 | OK | |||
r-release-windows-x86_64 | 0.1.1 | 4.00 | 40.00 | 44.00 | OK | |
r-oldrel-macos-arm64 | 0.1.1 | 16.00 | OK | |||
r-oldrel-macos-x86_64 | 0.1.1 | 19.00 | OK | |||
r-oldrel-windows-x86_64 | 0.1.1 | 3.00 | 39.00 | 42.00 | OK |
Version: 0.1.1
Check: Rd cross-references
Result: NOTE
Undeclared package ‘dwlm’ in Rd xrefs
Flavor: r-devel-linux-x86_64-fedora-clang