CRAN Package Check Results for Package ggpolypath

Last updated on 2025-11-16 00:48:33 CET.

Flavor Version Tinstall Tcheck Ttotal Status Flags
r-devel-linux-x86_64-debian-clang 0.4.0 4.63 60.52 65.15 OK
r-devel-linux-x86_64-debian-gcc 0.4.0 3.54 46.99 50.53 NOTE
r-devel-linux-x86_64-fedora-clang 0.4.0 22.00 81.62 103.62 OK
r-devel-linux-x86_64-fedora-gcc 0.4.0 13.00 92.42 105.42 OK
r-devel-windows-x86_64 0.4.0 9.00 70.00 79.00 OK
r-patched-linux-x86_64 0.4.0 5.05 55.97 61.02 OK
r-release-linux-x86_64 0.4.0 5.12 56.29 61.41 OK
r-release-macos-arm64 0.4.0 3.00 32.00 35.00 OK
r-release-macos-x86_64 0.4.0 4.00 57.00 61.00 OK
r-release-windows-x86_64 0.4.0 8.00 70.00 78.00 OK
r-oldrel-macos-arm64 0.4.0 2.00 35.00 37.00 OK
r-oldrel-macos-x86_64 0.4.0 4.00 61.00 65.00 OK
r-oldrel-windows-x86_64 0.4.0 10.00 85.00 95.00 OK

Check Details

Version: 0.4.0
Check: CRAN incoming feasibility
Result: NOTE Maintainer: ‘Michael D. Sumner <mdsumner@gmail.com>’ The BugReports field in DESCRIPTION has https://github.com/mdsumner/ggpolypath/issues/ which should likely be https://github.com/mdsumner/ggpolypath/issues/issues instead. Flavor: r-devel-linux-x86_64-debian-gcc