Last updated on 2025-11-16 18:49:31 CET.
| Flavor | Version | Tinstall | Tcheck | Ttotal | Status | Flags |
|---|---|---|---|---|---|---|
| r-devel-linux-x86_64-debian-clang | 0.3.17 | 16.90 | 398.54 | 415.44 | OK | |
| r-devel-linux-x86_64-debian-gcc | 0.3.17 | 9.96 | 281.44 | 291.40 | NOTE | |
| r-devel-linux-x86_64-fedora-clang | 0.3.17 | 61.00 | 537.52 | 598.52 | OK | |
| r-devel-linux-x86_64-fedora-gcc | 0.3.17 | 40.00 | 538.60 | 578.60 | OK | |
| r-devel-windows-x86_64 | 0.3.17 | 18.00 | 324.00 | 342.00 | OK | |
| r-patched-linux-x86_64 | 0.3.17 | 21.41 | 383.85 | 405.26 | OK | |
| r-release-linux-x86_64 | 0.3.17 | 16.77 | 382.59 | 399.36 | OK | |
| r-release-macos-arm64 | 0.3.17 | 7.00 | 143.00 | 150.00 | OK | |
| r-release-macos-x86_64 | 0.3.17 | 17.00 | 267.00 | 284.00 | OK | |
| r-release-windows-x86_64 | 0.3.17 | 17.00 | 333.00 | 350.00 | OK | |
| r-oldrel-macos-arm64 | 0.3.17 | 7.00 | 137.00 | 144.00 | OK | |
| r-oldrel-macos-x86_64 | 0.3.17 | 16.00 | 284.00 | 300.00 | OK | |
| r-oldrel-windows-x86_64 | 0.3.17 | 26.00 | 446.00 | 472.00 | OK |
Version: 0.3.17
Check: CRAN incoming feasibility
Result: NOTE
Maintainer: ‘Pedro J. Aphalo <pedro.aphalo@helsinki.fi>’
The BugReports field in DESCRIPTION has
https://github.com/aphalo/ggspectra/issues/
which should likely be
https://github.com/aphalo/ggspectra/issues/issues
instead.
Flavor: r-devel-linux-x86_64-debian-gcc