Last updated on 2025-10-24 05:50:40 CEST.
| Flavor | Version | Tinstall | Tcheck | Ttotal | Status | Flags |
|---|---|---|---|---|---|---|
| r-devel-linux-x86_64-debian-clang | 0.3.7 | 6.74 | 65.44 | 72.18 | NOTE | |
| r-devel-linux-x86_64-debian-gcc | 0.3.7 | 4.94 | 46.54 | 51.48 | OK | |
| r-devel-linux-x86_64-fedora-clang | 0.3.7 | 18.00 | 88.37 | 106.37 | OK | |
| r-devel-linux-x86_64-fedora-gcc | 0.3.7 | 15.00 | 81.28 | 96.28 | OK | |
| r-devel-windows-x86_64 | 0.3.7 | 9.00 | 72.00 | 81.00 | OK | |
| r-patched-linux-x86_64 | 0.3.7 | 7.12 | 59.26 | 66.38 | OK | |
| r-release-linux-x86_64 | 0.3.7 | 6.98 | 59.86 | 66.84 | OK | |
| r-release-macos-arm64 | 0.3.7 | 3.00 | 28.00 | 31.00 | OK | |
| r-release-macos-x86_64 | 0.3.7 | 5.00 | 42.00 | 47.00 | OK | |
| r-release-windows-x86_64 | 0.3.7 | 10.00 | 74.00 | 84.00 | OK | |
| r-oldrel-macos-arm64 | 0.3.7 | 3.00 | 25.00 | 28.00 | OK | |
| r-oldrel-macos-x86_64 | 0.3.7 | 5.00 | 36.00 | 41.00 | OK | |
| r-oldrel-windows-x86_64 | 0.3.7 | 12.00 | 93.00 | 105.00 | OK |
Version: 0.3.7
Check: HTML version of manual
Result: NOTE
Found the following HTML validation problems:
geom_histogramh.html:133:1 (geom_histogramh.Rd:79): Warning: missing </ul> before </div>
position-vertical.html:116:1 (position-vertical.Rd:67): Warning: missing </ul> before </div>
Flavor: r-devel-linux-x86_64-debian-clang