Last updated on 2025-04-29 13:51:24 CEST.
Flavor | Version | Tinstall | Tcheck | Ttotal | Status | Flags |
---|---|---|---|---|---|---|
r-devel-linux-x86_64-debian-clang | 0.0.1 | 1.78 | 19.39 | 21.17 | NOTE | |
r-devel-linux-x86_64-debian-gcc | 0.0.1 | 1.38 | 15.58 | 16.96 | NOTE | |
r-devel-linux-x86_64-fedora-clang | 0.0.1 | 32.44 | OK | |||
r-devel-linux-x86_64-fedora-gcc | 0.0.1 | 31.66 | OK | |||
r-devel-windows-x86_64 | 0.0.1 | 4.00 | 44.00 | 48.00 | OK | |
r-patched-linux-x86_64 | 0.0.1 | 2.05 | 22.58 | 24.63 | OK | |
r-release-linux-x86_64 | 0.0.1 | 1.61 | 18.72 | 20.33 | OK | |
r-release-macos-arm64 | 0.0.1 | 21.00 | OK | |||
r-release-macos-x86_64 | 0.0.1 | 23.00 | OK | |||
r-release-windows-x86_64 | 0.0.1 | 3.00 | 53.00 | 56.00 | OK | |
r-oldrel-macos-arm64 | 0.0.1 | 14.00 | OK | |||
r-oldrel-macos-x86_64 | 0.0.1 | 20.00 | OK | |||
r-oldrel-windows-x86_64 | 0.0.1 | 3.00 | 41.00 | 44.00 | OK |
Version: 0.0.1
Check: CRAN incoming feasibility
Result: NOTE
Maintainer: ‘Raymond L. Tremblay <raymondtremblay1@mac.com>’
No Authors@R field in DESCRIPTION.
Please add one, modifying
Authors@R: c(person(given = c("Raymond", ">"),
family = "Tremblay",
role = "aut"),
person(given = c("Raymond", "L."),
family = "Tremblay",
role = "cre",
email = "raymondtremblay1@mac.com"))
as necessary.
Flavors: r-devel-linux-x86_64-debian-clang, r-devel-linux-x86_64-debian-gcc