Last updated on 2024-07-13 05:49:14 CEST.
Flavor | Version | Tinstall | Tcheck | Ttotal | Status | Flags |
---|---|---|---|---|---|---|
r-devel-linux-x86_64-debian-clang | 0.1.1 | 37.66 | 76.36 | 114.02 | OK | |
r-devel-linux-x86_64-debian-gcc | 0.1.1 | 30.50 | 59.88 | 90.38 | OK | |
r-devel-linux-x86_64-fedora-clang | 0.1.1 | 155.02 | OK | |||
r-devel-linux-x86_64-fedora-gcc | 0.1.1 | 168.45 | OK | |||
r-devel-windows-x86_64 | 0.1.1 | 34.00 | 94.00 | 128.00 | OK | |
r-patched-linux-x86_64 | 0.1.1 | 41.12 | 75.28 | 116.40 | OK | |
r-release-linux-x86_64 | 0.1.1 | 35.49 | 73.88 | 109.37 | OK | |
r-release-macos-arm64 | 0.1.1 | 48.00 | NOTE | |||
r-release-macos-x86_64 | 0.1.1 | 69.00 | NOTE | |||
r-release-windows-x86_64 | 0.1.1 | 35.00 | 93.00 | 128.00 | OK | |
r-oldrel-macos-arm64 | 0.1.1 | 54.00 | NOTE | |||
r-oldrel-macos-x86_64 | 0.1.1 | 123.00 | NOTE | |||
r-oldrel-windows-x86_64 | 0.1.1 | 41.00 | 107.00 | 148.00 | OK |
Version: 0.1.1
Check: installed package size
Result: NOTE
installed size is 6.2Mb
sub-directories of 1Mb or more:
doc 1.1Mb
libs 4.9Mb
Flavors: r-release-macos-arm64, r-release-macos-x86_64, r-oldrel-macos-arm64, r-oldrel-macos-x86_64