CRAN Package Check Results for Package glca

Last updated on 2025-11-16 12:49:32 CET.

Flavor Version Tinstall Tcheck Ttotal Status Flags
r-devel-linux-x86_64-debian-clang 1.4.2 21.09 49.08 70.17 OK
r-devel-linux-x86_64-debian-gcc 1.4.2 16.28 36.65 52.93 NOTE
r-devel-linux-x86_64-fedora-clang 1.4.2 55.00 65.19 120.19 OK
r-devel-linux-x86_64-fedora-gcc 1.4.2 41.00 82.52 123.52 OK
r-devel-windows-x86_64 1.4.2 26.00 80.00 106.00 OK
r-patched-linux-x86_64 1.4.2 22.57 46.87 69.44 OK
r-release-linux-x86_64 1.4.2 22.79 46.33 69.12 OK
r-release-macos-arm64 1.4.2 10.00 32.00 42.00 OK
r-release-macos-x86_64 1.4.2 14.00 66.00 80.00 OK
r-release-windows-x86_64 1.4.2 23.00 81.00 104.00 OK
r-oldrel-macos-arm64 1.4.2 11.00 51.00 62.00 OK
r-oldrel-macos-x86_64 1.4.2 22.00 105.00 127.00 OK
r-oldrel-windows-x86_64 1.4.2 25.00 100.00 125.00 OK

Check Details

Version: 1.4.2
Check: CRAN incoming feasibility
Result: NOTE Maintainer: ‘Youngsun Kim <yskstat@gmail.com>’ The BugReports field in DESCRIPTION has https://github.com/kim0sun/glca/issues/ which should likely be https://github.com/kim0sun/glca/issues/issues instead. Flavor: r-devel-linux-x86_64-debian-gcc