Last updated on 2025-10-24 05:50:40 CEST.
| Flavor | Version | Tinstall | Tcheck | Ttotal | Status | Flags |
|---|---|---|---|---|---|---|
| r-devel-linux-x86_64-debian-clang | 2.0.5 | 443.52 | 371.27 | 814.79 | OK | |
| r-devel-linux-x86_64-debian-gcc | 2.0.5 | 408.90 | 291.00 | 699.90 | OK | |
| r-devel-linux-x86_64-fedora-clang | 2.0.5 | 960.00 | 284.91 | 1244.91 | OK | |
| r-devel-linux-x86_64-fedora-gcc | 2.0.5 | 1200.00 | 320.50 | 1520.50 | OK | |
| r-devel-windows-x86_64 | 2.0.5 | 429.00 | 410.00 | 839.00 | OK | |
| r-patched-linux-x86_64 | 2.0.5 | 525.99 | 374.37 | 900.36 | OK | |
| r-release-linux-x86_64 | 2.0.5 | 528.96 | 383.22 | 912.18 | OK | |
| r-release-macos-arm64 | 2.0.5 | 208.00 | 154.00 | 362.00 | OK | |
| r-release-macos-x86_64 | 2.0.5 | 409.00 | 280.00 | 689.00 | OK | |
| r-release-windows-x86_64 | 2.0.5 | 433.00 | 426.00 | 859.00 | OK | |
| r-oldrel-macos-arm64 | 2.0.5 | 183.00 | 150.00 | 333.00 | NOTE | |
| r-oldrel-macos-x86_64 | 2.0.5 | 408.00 | 276.00 | 684.00 | NOTE | |
| r-oldrel-windows-x86_64 | 2.0.5 | 511.00 | 539.00 | 1050.00 | NOTE |
Version: 2.0.5
Check: installed package size
Result: NOTE
installed size is 211.9Mb
sub-directories of 1Mb or more:
doc 1.8Mb
libs 208.7Mb
Flavors: r-oldrel-macos-arm64, r-oldrel-macos-x86_64, r-oldrel-windows-x86_64