Last updated on 2025-11-16 00:48:33 CET.
| Flavor | Version | Tinstall | Tcheck | Ttotal | Status | Flags |
|---|---|---|---|---|---|---|
| r-devel-linux-x86_64-debian-clang | 1.1.13 | 235.50 | 327.83 | 563.33 | OK | |
| r-devel-linux-x86_64-debian-gcc | 1.1.13 | 197.79 | 236.62 | 434.41 | OK | |
| r-devel-linux-x86_64-fedora-clang | 1.1.13 | 840.00 | 64.33 | 904.33 | OK | |
| r-devel-linux-x86_64-fedora-gcc | 1.1.13 | 1260.00 | -179.87 | 1080.13 | OK | |
| r-devel-windows-x86_64 | 1.1.13 | 241.00 | 302.00 | 543.00 | OK | --no-vignettes |
| r-patched-linux-x86_64 | 1.1.13 | 250.36 | 326.72 | 577.08 | OK | |
| r-release-linux-x86_64 | 1.1.13 | 242.44 | 326.02 | 568.46 | OK | |
| r-release-macos-arm64 | 1.1.13 | 93.00 | 120.00 | 213.00 | OK | |
| r-release-macos-x86_64 | 1.1.13 | 182.00 | 192.00 | 374.00 | OK | |
| r-release-windows-x86_64 | 1.1.13 | 223.00 | 336.00 | 559.00 | OK | --no-vignettes |
| r-oldrel-macos-arm64 | 1.1.13 | 85.00 | 133.00 | 218.00 | NOTE | |
| r-oldrel-macos-x86_64 | 1.1.13 | 217.00 | 224.00 | 441.00 | NOTE | |
| r-oldrel-windows-x86_64 | 1.1.13 | 287.00 | 340.00 | 627.00 | NOTE | --no-vignettes |
Version: 1.1.13
Check: installed package size
Result: NOTE
installed size is 97.7Mb
sub-directories of 1Mb or more:
doc 1.7Mb
libs 91.4Mb
test_data 2.9Mb
Flavors: r-oldrel-macos-arm64, r-oldrel-macos-x86_64
Version: 1.1.13
Flags: --no-vignettes
Check: installed package size
Result: NOTE
installed size is 10.7Mb
sub-directories of 1Mb or more:
doc 1.8Mb
libs 4.5Mb
test_data 2.9Mb
Flavor: r-oldrel-windows-x86_64