CRAN Package Check Results for Package gnn

Last updated on 2025-04-29 13:51:25 CEST.

Flavor Version Tinstall Tcheck Ttotal Status Flags
r-devel-linux-x86_64-debian-clang 0.0-4 10.63 80.40 91.03 NOTE
r-devel-linux-x86_64-debian-gcc 0.0-4 7.31 58.19 65.50 NOTE
r-devel-linux-x86_64-fedora-clang 0.0-4 142.23 OK
r-devel-linux-x86_64-fedora-gcc 0.0-4 135.41 OK
r-devel-windows-x86_64 0.0-4 11.00 98.00 109.00 NOTE
r-patched-linux-x86_64 0.0-4 10.57 78.12 88.69 NOTE
r-release-linux-x86_64 0.0-4 9.93 77.32 87.25 NOTE
r-release-macos-arm64 0.0-4 45.00 OK
r-release-macos-x86_64 0.0-4 80.00 OK
r-release-windows-x86_64 0.0-4 12.00 97.00 109.00 NOTE
r-oldrel-macos-arm64 0.0-4 41.00 OK
r-oldrel-macos-x86_64 0.0-4 68.00 OK
r-oldrel-windows-x86_64 0.0-4 14.00 109.00 123.00 OK

Check Details

Version: 0.0-4
Check: Rd cross-references
Result: NOTE Found the following Rd file(s) with Rd \link{} targets missing package anchors: FNN.Rd: layer_dropout rPrior.Rd: rCopula Please provide package anchors for all Rd \link{} targets not in the package itself and the base packages. Flavors: r-devel-linux-x86_64-debian-clang, r-devel-linux-x86_64-debian-gcc, r-devel-windows-x86_64, r-patched-linux-x86_64, r-release-linux-x86_64, r-release-windows-x86_64