Last updated on 2024-07-13 05:49:14 CEST.
Flavor | Version | Tinstall | Tcheck | Ttotal | Status | Flags |
---|---|---|---|---|---|---|
r-devel-linux-x86_64-debian-clang | 1.0.1 | 5.03 | 76.08 | 81.11 | NOTE | |
r-devel-linux-x86_64-debian-gcc | 1.0.1 | 4.12 | 58.63 | 62.75 | NOTE | |
r-devel-linux-x86_64-fedora-clang | 1.0.1 | 105.68 | NOTE | |||
r-devel-linux-x86_64-fedora-gcc | 1.0.1 | 113.95 | NOTE | |||
r-devel-windows-x86_64 | 1.0.1 | 7.00 | 71.00 | 78.00 | NOTE | |
r-patched-linux-x86_64 | 1.0.1 | 5.02 | 74.11 | 79.13 | NOTE | |
r-release-linux-x86_64 | 1.0.1 | 4.18 | 72.26 | 76.44 | NOTE | |
r-release-macos-arm64 | 1.0.1 | 35.00 | NOTE | |||
r-release-macos-x86_64 | 1.0.1 | 58.00 | NOTE | |||
r-release-windows-x86_64 | 1.0.1 | 7.00 | 72.00 | 79.00 | NOTE | |
r-oldrel-macos-arm64 | 1.0.1 | 37.00 | NOTE | |||
r-oldrel-macos-x86_64 | 1.0.1 | 50.00 | NOTE | |||
r-oldrel-windows-x86_64 | 1.0.1 | 8.00 | 80.00 | 88.00 | NOTE |
Version: 1.0.1
Check: LazyData
Result: NOTE
'LazyData' is specified without a 'data' directory
Flavors: r-devel-linux-x86_64-debian-clang, r-devel-linux-x86_64-debian-gcc, r-devel-linux-x86_64-fedora-clang, r-devel-linux-x86_64-fedora-gcc, r-devel-windows-x86_64, r-patched-linux-x86_64, r-release-linux-x86_64, r-release-macos-arm64, r-release-macos-x86_64, r-release-windows-x86_64, r-oldrel-macos-arm64, r-oldrel-macos-x86_64, r-oldrel-windows-x86_64