Last updated on 2024-07-13 05:49:15 CEST.
Flavor | Version | Tinstall | Tcheck | Ttotal | Status | Flags |
---|---|---|---|---|---|---|
r-devel-linux-x86_64-debian-clang | 1.5.1 | 1090.15 | 114.08 | 1204.23 | OK | |
r-devel-linux-x86_64-debian-gcc | 1.5.1 | 822.95 | 126.43 | 949.38 | OK | |
r-devel-linux-x86_64-fedora-clang | 1.5.1 | 1818.06 | NOTE | |||
r-devel-linux-x86_64-fedora-gcc | 1.5.1 | 2011.41 | WARN | |||
r-devel-windows-x86_64 | 1.5.1 | 757.00 | 229.00 | 986.00 | NOTE | |
r-patched-linux-x86_64 | 1.5.1 | 971.32 | 152.60 | 1123.92 | OK | |
r-release-linux-x86_64 | 1.5.1 | 952.68 | 158.41 | 1111.09 | OK | |
r-release-macos-arm64 | 1.5.1 | 431.00 | NOTE | |||
r-release-macos-x86_64 | 1.5.1 | 723.00 | NOTE | |||
r-release-windows-x86_64 | 1.5.1 | 768.00 | 231.00 | 999.00 | NOTE | |
r-oldrel-macos-arm64 | 1.5.1 | 528.00 | NOTE | |||
r-oldrel-macos-x86_64 | 1.5.1 | 742.00 | NOTE | |||
r-oldrel-windows-x86_64 | 1.5.1 | 711.00 | 278.00 | 989.00 | NOTE |
Version: 1.5.1
Check: installed package size
Result: NOTE
installed size is 12.8Mb
sub-directories of 1Mb or more:
libs 11.9Mb
Flavors: r-devel-linux-x86_64-fedora-clang, r-devel-windows-x86_64, r-release-macos-arm64, r-release-macos-x86_64, r-release-windows-x86_64, r-oldrel-macos-arm64, r-oldrel-macos-x86_64, r-oldrel-windows-x86_64
Version: 1.5.1
Check: whether package can be installed
Result: WARN
Found the following significant warnings:
io/dense_bin.hpp:473:27: warning: template-id not allowed for constructor in C++20 [-Wtemplate-id-cdtor]
io/multi_val_dense_bin.hpp:220:26: warning: template-id not allowed for constructor in C++20 [-Wtemplate-id-cdtor]
io/multi_val_sparse_bin.hpp:305:36: warning: template-id not allowed for constructor in C++20 [-Wtemplate-id-cdtor]
io/sparse_bin.hpp:601:19: warning: template-id not allowed for constructor in C++20 [-Wtemplate-id-cdtor]
See ‘/data/gannet/ripley/R/packages/tests-devel/gpboost.Rcheck/00install.out’ for details.
* used C compiler: ‘gcc-14 (GCC) 14.1.0’
* used C++ compiler: ‘g++-14 (GCC) 14.1.0’
Flavor: r-devel-linux-x86_64-fedora-gcc