Last updated on 2025-11-16 00:48:33 CET.
| Flavor | Version | Tinstall | Tcheck | Ttotal | Status | Flags |
|---|---|---|---|---|---|---|
| r-devel-linux-x86_64-debian-clang | 3.2.0 | 6.60 | 73.48 | 80.08 | NOTE | |
| r-devel-linux-x86_64-debian-gcc | 3.2.0 | 4.55 | 52.43 | 56.98 | OK | |
| r-devel-linux-x86_64-fedora-clang | 3.2.0 | 23.00 | 105.00 | 128.00 | OK | |
| r-devel-linux-x86_64-fedora-gcc | 3.2.0 | 31.00 | 112.89 | 143.89 | OK | |
| r-devel-windows-x86_64 | 3.2.0 | 13.00 | 89.00 | 102.00 | NOTE | |
| r-patched-linux-x86_64 | 3.2.0 | 6.87 | 68.77 | 75.64 | OK | |
| r-release-linux-x86_64 | 3.2.0 | 6.32 | 67.61 | 73.93 | OK | |
| r-release-macos-arm64 | 3.2.0 | 3.00 | 37.00 | 40.00 | OK | |
| r-release-macos-x86_64 | 3.2.0 | 7.00 | 76.00 | 83.00 | OK | |
| r-release-windows-x86_64 | 3.2.0 | 12.00 | 91.00 | 103.00 | OK | |
| r-oldrel-macos-arm64 | 3.2.0 | 3.00 | 37.00 | 40.00 | OK | |
| r-oldrel-macos-x86_64 | 3.2.0 | 5.00 | 90.00 | 95.00 | OK | |
| r-oldrel-windows-x86_64 | 3.2.0 | 14.00 | 127.00 | 141.00 | OK |
Version: 3.2.0
Check: Rd files
Result: NOTE
checkRd: (-1) catch.d.Rd:16-23: Only 2 columns allowed in this table (row 3 has 1)
checkRd: (-1) catch.d.Rd:16-23: Only 2 columns allowed in this table (row 5 has 1)
Flavors: r-devel-linux-x86_64-debian-clang, r-devel-windows-x86_64