Last updated on 2025-04-29 13:51:25 CEST.
Flavor | Version | Tinstall | Tcheck | Ttotal | Status | Flags |
---|---|---|---|---|---|---|
r-devel-linux-x86_64-debian-clang | 0.2-1 | 2.01 | 23.13 | 25.14 | NOTE | |
r-devel-linux-x86_64-debian-gcc | 0.2-1 | 1.55 | 18.14 | 19.69 | NOTE | |
r-devel-linux-x86_64-fedora-clang | 0.2-1 | 39.45 | NOTE | |||
r-devel-linux-x86_64-fedora-gcc | 0.2-1 | 53.46 | NOTE | |||
r-devel-windows-x86_64 | 0.2-1 | 3.00 | 53.00 | 56.00 | NOTE | |
r-patched-linux-x86_64 | 0.2-1 | 2.15 | 22.07 | 24.22 | NOTE | |
r-release-linux-x86_64 | 0.2-1 | 1.75 | 22.00 | 23.75 | NOTE | |
r-release-macos-arm64 | 0.2-1 | 24.00 | NOTE | |||
r-release-macos-x86_64 | 0.2-1 | 45.00 | NOTE | |||
r-release-windows-x86_64 | 0.2-1 | 3.00 | 63.00 | 66.00 | NOTE | |
r-oldrel-macos-arm64 | 0.2-1 | 23.00 | NOTE | |||
r-oldrel-macos-x86_64 | 0.2-1 | 33.00 | NOTE | |||
r-oldrel-windows-x86_64 | 0.2-1 | 2.00 | 51.00 | 53.00 | NOTE |
Version: 0.2-1
Check: CRAN incoming feasibility
Result: NOTE
Maintainer: ‘Leif Johnson <leif.t.johnson@gmail.com>’
No Authors@R field in DESCRIPTION.
Please add one, modifying
Authors@R: person(given = "Leif",
family = "Johnson",
role = c("aut", "cre"),
email = "leif.t.johnson@gmail.com")
as necessary.
Flavors: r-devel-linux-x86_64-debian-clang, r-devel-linux-x86_64-debian-gcc
Version: 0.2-1
Check: DESCRIPTION meta-information
Result: NOTE
Malformed Title field: should not end in a period.
Flavors: r-devel-linux-x86_64-debian-clang, r-devel-linux-x86_64-debian-gcc, r-devel-linux-x86_64-fedora-clang, r-devel-linux-x86_64-fedora-gcc, r-devel-windows-x86_64, r-patched-linux-x86_64, r-release-linux-x86_64, r-release-macos-arm64, r-release-macos-x86_64, r-release-windows-x86_64, r-oldrel-macos-arm64, r-oldrel-macos-x86_64, r-oldrel-windows-x86_64
Version: 0.2-1
Check: Rd files
Result: NOTE
checkRd: (-1) grade-package.Rd:51-54: Lost braces in \itemize; meant \describe ?
checkRd: (-1) grade-package.Rd:55-57: Lost braces in \itemize; meant \describe ?
checkRd: (-1) grade-package.Rd:58-71: Lost braces in \itemize; meant \describe ?
checkRd: (-1) grade-package.Rd:72-74: Lost braces in \itemize; meant \describe ?
checkRd: (-1) grade-package.Rd:75-78: Lost braces in \itemize; meant \describe ?
checkRd: (-1) grade-package.Rd:79-81: Lost braces in \itemize; meant \describe ?
Flavors: r-devel-linux-x86_64-debian-clang, r-devel-linux-x86_64-debian-gcc, r-devel-linux-x86_64-fedora-clang, r-devel-linux-x86_64-fedora-gcc, r-devel-windows-x86_64, r-patched-linux-x86_64, r-release-linux-x86_64, r-release-macos-arm64, r-release-macos-x86_64, r-release-windows-x86_64, r-oldrel-macos-arm64, r-oldrel-macos-x86_64, r-oldrel-windows-x86_64