CRAN Package Check Results for Package granova

Last updated on 2025-04-29 13:51:25 CEST.

Flavor Version Tinstall Tcheck Ttotal Status Flags
r-devel-linux-x86_64-debian-clang 2.2 2.83 29.43 32.26 NOTE
r-devel-linux-x86_64-debian-gcc 2.2 2.08 22.86 24.94 NOTE
r-devel-linux-x86_64-fedora-clang 2.2 50.75 OK
r-devel-linux-x86_64-fedora-gcc 2.2 49.32 OK
r-devel-windows-x86_64 2.2 5.00 53.00 58.00 OK
r-patched-linux-x86_64 2.2 2.87 28.81 31.68 OK
r-release-linux-x86_64 2.2 2.63 28.09 30.72 OK
r-release-macos-arm64 2.2 18.00 OK
r-release-macos-x86_64 2.2 30.00 OK
r-release-windows-x86_64 2.2 4.00 48.00 52.00 OK
r-oldrel-macos-arm64 2.2 17.00 OK
r-oldrel-macos-x86_64 2.2 26.00 OK
r-oldrel-windows-x86_64 2.2 5.00 53.00 58.00 OK

Check Details

Version: 2.2
Check: examples
Result: NOTE Examples with CPU (user + system) or elapsed time > 5s user system elapsed granova.2w 4.725 0.435 7.301 Flavor: r-devel-linux-x86_64-debian-clang

Version: 2.2
Check: examples
Result: NOTE Examples with CPU (user + system) or elapsed time > 5s user system elapsed granova.2w 3.173 0.525 5.077 Flavor: r-devel-linux-x86_64-debian-gcc