Last updated on 2025-11-16 12:49:32 CET.
| Flavor | Version | Tinstall | Tcheck | Ttotal | Status | Flags |
|---|---|---|---|---|---|---|
| r-devel-linux-x86_64-debian-clang | 1.0.7 | 24.72 | 280.18 | 304.90 | OK | |
| r-devel-linux-x86_64-debian-gcc | 1.0.7 | 15.82 | 185.33 | 201.15 | NOTE | |
| r-devel-linux-x86_64-fedora-clang | 1.0.7 | 108.00 | 396.97 | 504.97 | OK | |
| r-devel-linux-x86_64-fedora-gcc | 1.0.7 | 89.00 | 418.57 | 507.57 | OK | |
| r-devel-windows-x86_64 | 1.0.7 | 25.00 | 238.00 | 263.00 | OK | |
| r-patched-linux-x86_64 | 1.0.7 | 22.66 | 263.17 | 285.83 | OK | |
| r-release-linux-x86_64 | 1.0.7 | 22.14 | 266.46 | 288.60 | OK | |
| r-release-macos-arm64 | 1.0.7 | 9.00 | 101.00 | 110.00 | OK | |
| r-release-macos-x86_64 | 1.0.7 | 19.00 | 235.00 | 254.00 | OK | |
| r-release-windows-x86_64 | 1.0.7 | 28.00 | 234.00 | 262.00 | OK | |
| r-oldrel-macos-arm64 | 1.0.7 | 9.00 | 100.00 | 109.00 | OK | |
| r-oldrel-macos-x86_64 | 1.0.7 | 15.00 | 204.00 | 219.00 | OK | |
| r-oldrel-windows-x86_64 | 1.0.7 | 33.00 | 320.00 | 353.00 | OK |
Version: 1.0.7
Check: CRAN incoming feasibility
Result: NOTE
Maintainer: ‘Feng Li <feng.li@cufe.edu.cn>’
The BugReports field in DESCRIPTION has
https://github.com/ykang/gratis/issues/
which should likely be
https://github.com/ykang/gratis/issues/issues
instead.
Flavor: r-devel-linux-x86_64-debian-gcc